{"id":1930,"date":"2026-04-13T18:27:23","date_gmt":"2026-04-13T21:27:23","guid":{"rendered":"https:\/\/caiotozzi.com\/web\/?page_id=1930"},"modified":"2026-04-16T15:21:06","modified_gmt":"2026-04-16T18:21:06","slug":"eventos","status":"publish","type":"page","link":"https:\/\/caiotozzi.com\/web\/eventos\/","title":{"rendered":"eventos"},"content":{"rendered":"<p>[et_pb_section fb_built=&#8221;1&#8243; _builder_version=&#8221;4.16&#8243; global_colors_info=&#8221;{}&#8221;][et_pb_row _builder_version=&#8221;4.16&#8243; background_size=&#8221;initial&#8221; background_position=&#8221;top_left&#8221; background_repeat=&#8221;repeat&#8221; custom_padding=&#8221;27px|0px|0|0px|false|false&#8221; global_colors_info=&#8221;{}&#8221;][et_pb_column type=&#8221;4_4&#8243; _builder_version=&#8221;4.16&#8243; custom_padding=&#8221;|||&#8221; global_colors_info=&#8221;{}&#8221; custom_padding__hover=&#8221;|||&#8221;][et_pb_text admin_label=&#8221;Titulo &#8211; roteiros &#8211; Desktop&#8221; _builder_version=&#8221;4.16&#8243; header_font=&#8221;Montserrat|700||on|||||&#8221; header_text_color=&#8221;#b22417&#8243; header_font_size=&#8221;40px&#8221; global_colors_info=&#8221;{}&#8221;]<\/p>\n<h1 style=\"text-align: center;\">eventos<\/h1>\n<p>[\/et_pb_text][\/et_pb_column][\/et_pb_row][\/et_pb_section][et_pb_section fb_built=&#8221;1&#8243; disabled_on=&#8221;off|off|off&#8221; _builder_version=&#8221;4.16&#8243; custom_padding=&#8221;0|0px|54px|0px|false|false&#8221; global_colors_info=&#8221;{}&#8221;][et_pb_row _builder_version=&#8221;4.27.6&#8243; _module_preset=&#8221;default&#8221; global_colors_info=&#8221;{}&#8221;][et_pb_column type=&#8221;4_4&#8243; _builder_version=&#8221;4.27.6&#8243; _module_preset=&#8221;default&#8221; global_colors_info=&#8221;{}&#8221;][et_pb_image src=&#8221;https:\/\/caiotozzi.com\/web\/wp-content\/uploads\/2026\/04\/FNLIJ-2011-copia.png&#8221; title_text=&#8221;FNLIJ 2011 &#8211; c\u00f3pia&#8221; align=&#8221;center&#8221; force_fullwidth=&#8221;on&#8221; _builder_version=&#8221;4.27.6&#8243; _module_preset=&#8221;default&#8221; global_colors_info=&#8221;{}&#8221;][\/et_pb_image][\/et_pb_column][\/et_pb_row][et_pb_row _builder_version=&#8221;4.16&#8243; background_size=&#8221;initial&#8221; background_position=&#8221;top_left&#8221; background_repeat=&#8221;repeat&#8221; custom_padding=&#8221;0|0px|27px|0px|false|false&#8221; global_colors_info=&#8221;{}&#8221;][et_pb_column type=&#8221;4_4&#8243; _builder_version=&#8221;4.16&#8243; custom_padding=&#8221;|||&#8221; global_colors_info=&#8221;{}&#8221; custom_padding__hover=&#8221;|||&#8221;][et_pb_text _builder_version=&#8221;4.27.5&#8243; text_font=&#8221;Verdana||||||||&#8221; text_text_color=&#8221;#000000&#8243; custom_css_main_element=&#8221;text-align: justify;&#8221; global_colors_info=&#8221;{}&#8221;]<\/p>\n<p style=\"font-weight: 400;\">\n<p style=\"font-weight: 400;\">\n<p style=\"font-weight: 400;\">Al\u00e9m das escolas, Caio Tozzi tamb\u00e9m circula por diversos eventos relacionados a literatura e a arte, para conversar com o p\u00fablico sobre assuntos variados como, por exemplo, os bastidores do processo criativo de suas obras, sobre a import\u00e2ncia da leitura, o olhar para a juventude e sobre o papel da arte como agente transformador de nossas vidas.<\/p>\n<p style=\"font-weight: 400;\">Entre os eventos que j\u00e1 participou est\u00e3o a Bienal do Livro de S\u00e3o Paulo, Bienal do Livro do Rio de Janeiro, Sal\u00e3o FNLIJ, Festival Liter\u00e1rio de Tiradentes (FLITI), Fliporto, FLIJ-PUC, Feira do Livro de Buenos Aires, FLI Sampa, Balada Liter\u00e1ria, e de projetos Escritor na Biblioteca da Prefeitura de S\u00e3o Paulo e Literatura Viva do SESI-SP.<\/p>\n<p style=\"font-weight: 400;\"><strong>Confira abaixo os registros do autor em diversos eventos liter\u00e1rios:<\/strong><\/p>\n<p>[\/et_pb_text][\/et_pb_column][\/et_pb_row][et_pb_row _builder_version=&#8221;4.27.5&#8243; _module_preset=&#8221;default&#8221; global_colors_info=&#8221;{}&#8221;][et_pb_column type=&#8221;4_4&#8243; _builder_version=&#8221;4.27.5&#8243; _module_preset=&#8221;default&#8221; global_colors_info=&#8221;{}&#8221;][et_pb_gallery gallery_ids=&#8221;1944,1945,1946,1947,1948,1949,1950,1951,1952,1953,1955,2016,2017,2018,2019,2020,2021&#8243; show_title_and_caption=&#8221;off&#8221; _builder_version=&#8221;4.27.6&#8243; _module_preset=&#8221;default&#8221; background_color=&#8221;#FFFFFF&#8221; global_colors_info=&#8221;{}&#8221;][\/et_pb_gallery][et_pb_divider divider_weight=&#8221;4px&#8221; _builder_version=&#8221;4.27.5&#8243; _module_preset=&#8221;default&#8221; global_colors_info=&#8221;{}&#8221;][\/et_pb_divider][\/et_pb_column][\/et_pb_row][et_pb_row column_structure=&#8221;1_2,1_2&#8243; _builder_version=&#8221;4.27.6&#8243; background_size=&#8221;initial&#8221; background_position=&#8221;top_left&#8221; background_repeat=&#8221;repeat&#8221; custom_padding=&#8221;0|0px|27px|0px|false|false&#8221; global_colors_info=&#8221;{}&#8221;][et_pb_column type=&#8221;1_2&#8243; _builder_version=&#8221;4.16&#8243; custom_padding=&#8221;|||&#8221; global_colors_info=&#8221;{}&#8221; custom_padding__hover=&#8221;|||&#8221;][et_pb_text _builder_version=&#8221;4.27.6&#8243; _module_preset=&#8221;default&#8221; global_colors_info=&#8221;{}&#8221;]<\/p>\n<p style=\"font-weight: 400;\"><strong>Alguns temas de mesas que Caio Tozzi pode participar:<\/strong><\/p>\n<ul>\n<li>Universo da literatura juvenil<\/li>\n<li>Pr\u00e9-adolesc\u00eancia: como n\u00e3o perder esse leitor<\/li>\n<li>Bastidores de uma produc\u0327a\u0303o litera\u0301ria<\/li>\n<li>Literatura e jovens: caminhos que aproximam ou que afastam<\/li>\n<li>A importa\u0302ncia da arte na formac\u0327a\u0303o dos jovens<\/li>\n<li>As va\u0301rias formas de contar histo\u0301rias<\/li>\n<li>Como a literatura nos conecta com os jovens que fomos<\/li>\n<\/ul>\n<p style=\"font-weight: 400;\"><strong><\/strong><\/p>\n<p style=\"font-weight: 400;\"><strong><\/strong><\/p>\n<p style=\"font-weight: 400;\"><strong>Porque contar com o autor em seu evento:<\/strong><\/p>\n<ul>\n<li>Conex\u00e3o aut\u00eantica e interesse pelo universo juvenil.<\/li>\n<li>Conhecimento fruto de profunda pesquisa.<\/li>\n<li>Reflex\u00f5es e pensamentos elaborados sobre os caminhos da produ\u00e7\u00e3o de narrativas para jovens.<\/li>\n<li>Repert\u00f3rio amplo sobre o assunto em leituras e di\u00e1logos sem preconceito.<\/li>\n<li>Linguagem acess\u00edvel e leveza, em um encontro em tom de bate-papo.<\/li>\n<li>Experi\u00eancia de quem est\u00e1 dentro o mercado ao mesmo tempo que estabelece di\u00e1logo com p\u00fablicos finais.<\/li>\n<\/ul>\n<p>[\/et_pb_text][\/et_pb_column][et_pb_column type=&#8221;1_2&#8243; _builder_version=&#8221;4.16&#8243; custom_padding=&#8221;|||&#8221; global_colors_info=&#8221;{}&#8221; custom_padding__hover=&#8221;|||&#8221;][et_pb_text _builder_version=&#8221;4.27.6&#8243; _module_preset=&#8221;default&#8221; global_colors_info=&#8221;{}&#8221;]<\/p>\n<p style=\"font-weight: 400;\"><strong><u>PRINCIPAIS EVENTOS QUE J\u00c1 PARTICIPOU:<\/u><\/strong><\/p>\n<ul>\n<li>Bienal do Livro de S\u00e3o Paulo<\/li>\n<li>Bienal do Livro do Rio de Janeiro<\/li>\n<li>Sal\u00e3o FNLIJ<\/li>\n<li>Festival Liter\u00e1rio de Tiradentes (FLITI)<\/li>\n<li>Fliporto<\/li>\n<li>Flipo\u00e7os<\/li>\n<li>FLIJ-PUC<\/li>\n<li>Feira do Livro de Buenos Aires<\/li>\n<li>FLI Sampa<\/li>\n<li>Programa\u00e7\u00f5es paralelas da FLIP<\/li>\n<li>Balada Liter\u00e1ria<\/li>\n<li>projetos Escritor na Biblioteca da Prefeitura de S\u00e3o Paulo e Literatura Viva do SESI-SP.<\/li>\n<\/ul>\n<p>[\/et_pb_text][\/et_pb_column][\/et_pb_row][et_pb_row _builder_version=&#8221;4.27.5&#8243; _module_preset=&#8221;default&#8221; global_colors_info=&#8221;{}&#8221;][et_pb_column type=&#8221;4_4&#8243; _builder_version=&#8221;4.27.5&#8243; _module_preset=&#8221;default&#8221; global_colors_info=&#8221;{}&#8221;][et_pb_divider divider_weight=&#8221;4px&#8221; _builder_version=&#8221;4.27.5&#8243; _module_preset=&#8221;default&#8221; global_colors_info=&#8221;{}&#8221;][\/et_pb_divider][\/et_pb_column][\/et_pb_row][et_pb_row _builder_version=&#8221;4.16&#8243; background_size=&#8221;initial&#8221; background_position=&#8221;top_left&#8221; background_repeat=&#8221;repeat&#8221; global_colors_info=&#8221;{}&#8221;][et_pb_column type=&#8221;4_4&#8243; _builder_version=&#8221;4.16&#8243; custom_padding=&#8221;|||&#8221; global_colors_info=&#8221;{}&#8221; custom_padding__hover=&#8221;|||&#8221;][et_pb_text _builder_version=&#8221;4.27.6&#8243; text_font=&#8221;Verdana||||||||&#8221; text_text_color=&#8221;#000000&#8243; custom_css_main_element=&#8221;text-align: justify;&#8221; global_colors_info=&#8221;{}&#8221;]<\/p>\n<p style=\"font-weight: 400;\">Para levar Caio Tozzi para seu evento, festival liter\u00e1rio ou Bienal do Livro, entre em contato.<\/p>\n<p>[\/et_pb_text][\/et_pb_column][\/et_pb_row][et_pb_row _builder_version=&#8221;4.27.6&#8243; background_size=&#8221;initial&#8221; background_position=&#8221;top_left&#8221; background_repeat=&#8221;repeat&#8221; custom_padding=&#8221;0|0px|27px|0px|false|false&#8221; global_colors_info=&#8221;{}&#8221;][et_pb_column type=&#8221;4_4&#8243; _builder_version=&#8221;4.16&#8243; custom_padding=&#8221;|||&#8221; global_colors_info=&#8221;{}&#8221; custom_padding__hover=&#8221;|||&#8221;][\/et_pb_column][\/et_pb_row][\/et_pb_section]<\/p>\n","protected":false},"excerpt":{"rendered":"<p>eventos Al\u00e9m das escolas, Caio Tozzi tamb\u00e9m circula por diversos eventos relacionados a literatura e a arte, para conversar com o p\u00fablico sobre assuntos variados como, por exemplo, os bastidores do processo criativo de suas obras, sobre a import\u00e2ncia da leitura, o olhar para a juventude e sobre o papel da arte como agente transformador [&hellip;]<\/p>\n","protected":false},"author":2,"featured_media":0,"parent":0,"menu_order":0,"comment_status":"closed","ping_status":"closed","template":"","meta":{"_et_pb_use_builder":"on","_et_pb_old_content":"","_et_gb_content_width":"","footnotes":""},"class_list":["post-1930","page","type-page","status-publish","hentry"],"_links":{"self":[{"href":"https:\/\/caiotozzi.com\/web\/wp-json\/wp\/v2\/pages\/1930","targetHints":{"allow":["GET"]}}],"collection":[{"href":"https:\/\/caiotozzi.com\/web\/wp-json\/wp\/v2\/pages"}],"about":[{"href":"https:\/\/caiotozzi.com\/web\/wp-json\/wp\/v2\/types\/page"}],"author":[{"embeddable":true,"href":"https:\/\/caiotozzi.com\/web\/wp-json\/wp\/v2\/users\/2"}],"replies":[{"embeddable":true,"href":"https:\/\/caiotozzi.com\/web\/wp-json\/wp\/v2\/comments?post=1930"}],"version-history":[{"count":8,"href":"https:\/\/caiotozzi.com\/web\/wp-json\/wp\/v2\/pages\/1930\/revisions"}],"predecessor-version":[{"id":2044,"href":"https:\/\/caiotozzi.com\/web\/wp-json\/wp\/v2\/pages\/1930\/revisions\/2044"}],"wp:attachment":[{"href":"https:\/\/caiotozzi.com\/web\/wp-json\/wp\/v2\/media?parent=1930"}],"curies":[{"name":"wp","href":"https:\/\/api.w.org\/{rel}","templated":true}]}}