{"id":2023,"date":"2026-04-15T11:10:36","date_gmt":"2026-04-15T14:10:36","guid":{"rendered":"https:\/\/caiotozzi.com\/web\/?page_id=2023"},"modified":"2026-04-17T12:56:40","modified_gmt":"2026-04-17T15:56:40","slug":"universo-do-autor","status":"publish","type":"page","link":"https:\/\/caiotozzi.com\/web\/universo-do-autor\/","title":{"rendered":"universo do autor"},"content":{"rendered":"<p>[et_pb_section fb_built=&#8221;1&#8243; _builder_version=&#8221;4.16&#8243; global_colors_info=&#8221;{}&#8221;][et_pb_row _builder_version=&#8221;4.16&#8243; background_size=&#8221;initial&#8221; background_position=&#8221;top_left&#8221; background_repeat=&#8221;repeat&#8221; custom_padding=&#8221;27px|0px|0|0px|false|false&#8221; global_colors_info=&#8221;{}&#8221;][et_pb_column type=&#8221;4_4&#8243; _builder_version=&#8221;4.16&#8243; custom_padding=&#8221;|||&#8221; global_colors_info=&#8221;{}&#8221; custom_padding__hover=&#8221;|||&#8221;][et_pb_text admin_label=&#8221;Titulo &#8211; roteiros &#8211; Desktop&#8221; _builder_version=&#8221;4.27.6&#8243; header_font=&#8221;Montserrat|700||on|||||&#8221; header_text_color=&#8221;#b22417&#8243; header_font_size=&#8221;40px&#8221; global_colors_info=&#8221;{}&#8221;]<\/p>\n<h1 style=\"text-align: center;\">universo do autor<\/h1>\n<p>[\/et_pb_text][\/et_pb_column][\/et_pb_row][\/et_pb_section][et_pb_section fb_built=&#8221;1&#8243; disabled_on=&#8221;off|off|off&#8221; _builder_version=&#8221;4.27.6&#8243; custom_padding=&#8221;0|0px|54px|0px|false|false&#8221; global_colors_info=&#8221;{}&#8221;][et_pb_row _builder_version=&#8221;4.27.6&#8243; background_size=&#8221;initial&#8221; background_position=&#8221;top_left&#8221; background_repeat=&#8221;repeat&#8221; custom_padding=&#8221;0|0px|27px|0px|false|false&#8221; global_colors_info=&#8221;{}&#8221;][et_pb_column type=&#8221;4_4&#8243; _builder_version=&#8221;4.16&#8243; custom_padding=&#8221;|||&#8221; global_colors_info=&#8221;{}&#8221; custom_padding__hover=&#8221;|||&#8221;][et_pb_text _builder_version=&#8221;4.27.6&#8243; _module_preset=&#8221;default&#8221; global_colors_info=&#8221;{}&#8221;]<\/p>\n<h4 style=\"font-weight: 400; text-align: center;\">&gt;&gt;&gt; Mergulhe aqui nos pensamentos, reflex\u00f5es e <span>\u00a0<\/span>bastidores da cria\u00e7\u00e3o de CaioTozzi na literatura para jovens.<\/h4>\n<p>[\/et_pb_text][et_pb_image src=&#8221;https:\/\/caiotozzi.com\/web\/wp-content\/uploads\/2026\/04\/universo-do-autor.png&#8221; title_text=&#8221;universo do autor&#8221; align=&#8221;center&#8221; force_fullwidth=&#8221;on&#8221; _builder_version=&#8221;4.27.6&#8243; _module_preset=&#8221;default&#8221; global_colors_info=&#8221;{}&#8221;][\/et_pb_image][\/et_pb_column][\/et_pb_row][et_pb_row column_structure=&#8221;1_2,1_2&#8243; _builder_version=&#8221;4.16&#8243; background_size=&#8221;initial&#8221; background_position=&#8221;top_left&#8221; background_repeat=&#8221;repeat&#8221; custom_padding=&#8221;0|0px|27px|0px|false|false&#8221; global_colors_info=&#8221;{}&#8221;][et_pb_column type=&#8221;1_2&#8243; _builder_version=&#8221;4.16&#8243; custom_padding=&#8221;|||&#8221; global_colors_info=&#8221;{}&#8221; custom_padding__hover=&#8221;|||&#8221;][et_pb_text _builder_version=&#8221;4.27.5&#8243; text_font=&#8221;Verdana||||||||&#8221; text_text_color=&#8221;#000000&#8243; custom_css_main_element=&#8221;text-align: justify;&#8221; global_colors_info=&#8221;{}&#8221;][\/et_pb_text][et_pb_text _builder_version=&#8221;4.27.6&#8243; _module_preset=&#8221;default&#8221; global_colors_info=&#8221;{}&#8221;]<\/p>\n<blockquote>\n<h1 style=\"font-weight: 400;\"><span style=\"font-size: xx-large;\">\u201cAntes de tudo, a gente precisa <strong>escutar os jovens<\/strong> e entender o que <strong>sentem<\/strong>, o que <strong>buscam<\/strong>. A\u00ed conseguiremos fazer <strong>hist\u00f3rias<\/strong> com as quais se <strong>conectem<\/strong> \u2013 e isso \u00e9 o mais importante\u201d<\/span><\/h1>\n<\/blockquote>\n<p>[\/et_pb_text][et_pb_text _builder_version=&#8221;4.27.6&#8243; _module_preset=&#8221;default&#8221; global_colors_info=&#8221;{}&#8221;]<\/p>\n<h3 style=\"font-weight: 400;\"><span style=\"font-size: medium;\"><em>Com mais de 30 livros publicados para pr\u00e9-adolescentes, adolescentes e jovens adultos, Caio Tozzi se firma como um dos principais autores e especialistas para este p\u00fablico.<\/em><\/span><\/h3>\n<p>[\/et_pb_text][et_pb_image src=&#8221;https:\/\/caiotozzi.com\/web\/wp-content\/uploads\/2026\/04\/universo-do-autor-01-1.png&#8221; title_text=&#8221;universo do autor 01&#8243; _builder_version=&#8221;4.27.6&#8243; _module_preset=&#8221;default&#8221; global_colors_info=&#8221;{}&#8221;][\/et_pb_image][\/et_pb_column][et_pb_column type=&#8221;1_2&#8243; _builder_version=&#8221;4.16&#8243; custom_padding=&#8221;|||&#8221; global_colors_info=&#8221;{}&#8221; custom_padding__hover=&#8221;|||&#8221;][et_pb_text _builder_version=&#8221;4.27.6&#8243; _module_preset=&#8221;default&#8221; inline_fonts=&#8221;ABeeZee&#8221; global_colors_info=&#8221;{}&#8221;]<\/p>\n<h4 style=\"font-weight: 400;\"><span style=\"font-size: small; font-family: ABeeZee; font-weight: normal;\">Nascido em S\u00e3o Paulo em 1984, Caio Tozzi se define como um grande apaixonado por literatura para as juventudes. Jornalista de forma\u00e7\u00e3o, em sua jornada profissional criou hist\u00f3rias para diversos formatos, como document\u00e1rios, pe\u00e7as teatrais, al\u00e9m de atuar no mercado de publicidade.<\/span><\/h4>\n<h4 style=\"font-weight: 400;\"><span style=\"font-size: small; font-family: ABeeZee; font-weight: normal;\"> Hoje, usa toda essa bagagem para construir narrativas que conectem os adolescentes aos livros. A seguir, voc\u00ea vai conhecer um pouco mais de sua trajet\u00f3ria a partir das principais curiosidades que os jovens costumam ter nos encontros que acontecem com o autor<\/span><\/h4>\n<p style=\"font-weight: 400;\">\n<p>[\/et_pb_text][et_pb_divider _builder_version=&#8221;4.27.6&#8243; _module_preset=&#8221;default&#8221; global_colors_info=&#8221;{}&#8221;][\/et_pb_divider][et_pb_text _builder_version=&#8221;4.27.6&#8243; _module_preset=&#8221;default&#8221; inline_fonts=&#8221;Axure&#8221; global_colors_info=&#8221;{}&#8221;]<\/p>\n<p style=\"font-weight: 400;\"><span style=\"font-size: small; color: #b22417;\"><strong>Quando voc\u00ea decidiu ser escritor? <\/strong><\/span><\/p>\n<p style=\"font-weight: 400;\"><span style=\"font-size: small;\">Olha, sempre que me fazem esta pergunta, eu n\u00e3o sei muito precisar essa data. Sabe por que? Porque desde muito crian\u00e7a, eu me lembro de estar inventando hist\u00f3rias. Esta era a minha brincadeira da inf\u00e2ncia. N\u00e3o sei se por ser filho \u00fanico, as hist\u00f3rias sempre me foram grandes companhias. Certamente um dia me dei conta que para uma hist\u00f3ria existir, algu\u00e9m precisaria cri\u00e1-la \u2013 e pensei: \u201cent\u00e3o, posso criar as minhas!\u201d. Deve ser da\u00ed que nasceu o desejo de ser escritor, fui crescendo e a vontade de continuar esta brincadeira n\u00e3o passou.<\/span><\/p>\n<p style=\"font-weight: 400;\">\n<p style=\"font-weight: 400;\"><span style=\"color: #b22417; font-size: small;\"><strong>Como voc\u00ea descobriu que gostava de escrever para adolescentes?<\/strong><\/span><\/p>\n<p style=\"font-weight: 400;\"><span style=\"font-size: small;\">Durante minha inf\u00e2ncia e minha juventude, evidentemente, consumia as hist\u00f3rias voltadas para a faixa-et\u00e1ria que eu tinha. Aconteceu que n\u00e3o deixei de me interessar por elas. Nos planos que eu tinha para uma poss\u00edvel carreira de ser escritor, imaginava que escreveria hist\u00f3rias para crian\u00e7as e adolescentes. Mas quando comecei a produzir os primeiros textos, sempre que tinha uma ideia curta, para um livro, de repente, mais infantil, sentia que precisava (e queria) colocar mais aventura. A\u00ed inclu\u00eda mais viradas, acontecimentos, personagens. Quando me dava conta, ao final do processo, havia criado uma hist\u00f3ria para um leitor com mais f\u00f4lego, ou seja, pr\u00e9-adolescentes e adolescentes.<\/span><\/p>\n<p style=\"font-weight: 400;\">\n<p>[\/et_pb_text][\/et_pb_column][\/et_pb_row][et_pb_row _builder_version=&#8221;4.27.6&#8243; _module_preset=&#8221;default&#8221; global_colors_info=&#8221;{}&#8221;][et_pb_column type=&#8221;4_4&#8243; _builder_version=&#8221;4.27.6&#8243; _module_preset=&#8221;default&#8221; global_colors_info=&#8221;{}&#8221;][et_pb_text _builder_version=&#8221;4.27.6&#8243; _module_preset=&#8221;default&#8221; global_colors_info=&#8221;{}&#8221;]<\/p>\n<p style=\"font-weight: 400;\"><span style=\"font-family: inherit; font-size: small;\">Ent\u00e3o, consegui publicar essas primeiras tramas e fui, pouco a pouco, me apaixonando de verdade pelos leitores que est\u00e3o neste turbilh\u00e3o da juventude. Acho um momento forte e po\u00e9tico, em que s\u00e3o gigantes e t\u00eam muitas vulnerabilidades ao mesmo tempo. \u00c9 muito rico. Com isso, passei n\u00e3o apenas a me dedicar \u00e0 escrita de obras para pr\u00e9-adolescentes, adolescentes e jovens adultos, como tamb\u00e9m pesquisar o que era produzido para eles e tamb\u00e9m tudo o que acontece com o leitor durante esta t\u00e3o importante fase da vida.<\/span><\/p>\n<p style=\"font-weight: 400;\"><span style=\"font-size: small; color: #b22417;\"><strong>De onde surgem as suas ideias?<\/strong><\/span><\/p>\n<p style=\"font-weight: 400;\"><span style=\"font-size: small;\">Ah, de todos os lugares. Sempre digo que quando voc\u00ea \u00e9 escritor come\u00e7a a apurar seu olhar e sua escuta para ficar o tempo todo atento ao que pode virar hist\u00f3ria. Ent\u00e3o, estou sempre neste estado de investiga\u00e7\u00e3o por ideias. Pode ser na leitura de um livro, em um filme, numa conversa, em uma situa\u00e7\u00e3o que eu vejo acontecer, em um nome de uma pessoa, enfim, tudo pode ser ponto de partida para um livro.<\/span><\/p>\n<p style=\"font-weight: 400;\"><span style=\"font-size: small;\">Agora, tem uma coisa que gosto muito (e acho importante demais quando pensamos em literatura para juventudes) que \u00e9 conversar com os leitores. Antes de tudo, a gente precisa escutar os jovens e entender o que sentem, o que buscam. A\u00ed conseguiremos fazer hist\u00f3rias que conectem \u2013 e isso \u00e9 o mais importante. Eu, como escritor, preciso entender o que eles buscam, o que est\u00e1 passando no cora\u00e7\u00e3o deles. Ent\u00e3o, encontros com os jovens, como costumo fazer bastante em escolas, s\u00e3o sempre fontes de inspira\u00e7\u00e3o.<\/span><\/p>\n<p style=\"font-weight: 400;\"><span style=\"font-size: small; color: #b22417;\"><strong>Como \u00e9 o processo de escrita dos livros?<\/strong><\/span><\/p>\n<p style=\"font-weight: 400;\"><span style=\"font-size: small;\">Eu sou um autor muito met\u00f3dico e planejado. Organizo muito minhas hist\u00f3rias antes de escrev\u00ea-las. Primeiro, ando com uma prancheta e folhas para ir anotando ideias quando surgem. A\u00ed, entendo que a ideia pode virar um livro e fico alimentando esse primeiro fio da narrativa. Quando entendo qual \u00e9 a hist\u00f3ria, quem s\u00e3o os personagens e minimamente para onde eles v\u00e3o, sento no computador e come\u00e7o a organizar um grande esqueleto da trama, com come\u00e7o, meio e fim.\u00a0 <\/span><\/p>\n<p style=\"font-weight: 400;\"><span style=\"font-size: small;\">Ali, al\u00e9m dos acontecimentos que v\u00e3o levar a hist\u00f3ria para frente e prender a aten\u00e7\u00e3o do leitor, j\u00e1 consigo pensar nos ganchos dos cap\u00edtulos, nas reviravoltas. Feito isso, \u00e9 a\u00ed que vou transformar esse guia em linguagem liter\u00e1ria, com a abertura dos cap\u00edtulos, descri\u00e7\u00f5es e di\u00e1logos.\u00a0<\/span><span style=\"font-size: small;\">Depois da primeira vers\u00e3o, \u00e9 claro, eu parto para a revis\u00e3o e reescrita. S\u00e3o v\u00e1rias vers\u00f5es at\u00e9 que eu sinta que a obra est\u00e1 pronta para ser apresentada a uma editora.<\/span><\/p>\n<p style=\"font-weight: 400;\"><span style=\"font-size: small;\"><\/span><\/p>\n<p style=\"font-weight: 400;\"><span style=\"font-size: small;\"><\/span><\/p>\n<p style=\"font-weight: 400;\"><span style=\"font-size: small;\"><\/span><\/p>\n<p style=\"font-weight: 400;\"><span style=\"font-size: small;\"><\/span><\/p>\n<p>[\/et_pb_text][\/et_pb_column][\/et_pb_row][et_pb_row _builder_version=&#8221;4.27.5&#8243; _module_preset=&#8221;default&#8221; global_colors_info=&#8221;{}&#8221;][et_pb_column type=&#8221;4_4&#8243; _builder_version=&#8221;4.27.5&#8243; _module_preset=&#8221;default&#8221; global_colors_info=&#8221;{}&#8221;][et_pb_divider divider_weight=&#8221;4px&#8221; _builder_version=&#8221;4.27.5&#8243; _module_preset=&#8221;default&#8221; global_colors_info=&#8221;{}&#8221;][\/et_pb_divider][\/et_pb_column][\/et_pb_row][et_pb_row column_structure=&#8221;1_2,1_2&#8243; _builder_version=&#8221;4.27.6&#8243; _module_preset=&#8221;default&#8221; global_colors_info=&#8221;{}&#8221;][et_pb_column type=&#8221;1_2&#8243; _builder_version=&#8221;4.27.6&#8243; _module_preset=&#8221;default&#8221; global_colors_info=&#8221;{}&#8221;][et_pb_text _builder_version=&#8221;4.27.6&#8243; _module_preset=&#8221;default&#8221; box_shadow_style=&#8221;preset4&#8243; box_shadow_color=&#8221;#FFFFFF&#8221; inline_fonts=&#8221;Axure&#8221; global_colors_info=&#8221;{}&#8221;]<\/p>\n<h1 style=\"font-weight: 400;\"><span style=\"color: #b22417;\"><strong><\/strong><\/span><\/h1>\n<h1 style=\"font-weight: 400;\"><span style=\"color: #b22417;\"><strong><\/strong><\/span><\/h1>\n<h1 style=\"font-weight: 400;\"><span style=\"color: #b22417;\"><strong><\/strong><\/span><\/h1>\n<h1 style=\"font-weight: 400;\"><span style=\"color: #b22417;\"><strong>POR DENTRO DOS LIVROS\u00a0<\/strong><\/span><\/h1>\n<p><span style=\"font-family: inherit; font-weight: normal; font-size: small;\"><\/span><\/p>\n<p style=\"font-weight: 400;\">\n<p style=\"font-weight: 400;\">Para criar hist\u00f3rias para os jovens, Caio Tozzi sempre tem em mente quais as melhores formas de se conectar com este leitor \u2013 e o caminho, ele logo aponta: muita observa\u00e7\u00e3o, escuta e conversas com eles. Assim, cria personagens e universos que geram identifica\u00e7\u00e3o com suas experi\u00eancias e emo\u00e7\u00f5es, bem como escolhas narrativas que despertem emo\u00e7\u00f5es e engajem a leitura do come\u00e7o ao fim de um livro.<\/p>\n<p style=\"font-weight: 400;\">\n<p style=\"font-weight: 400;\">Ao mergulharem em suas obras, os leitores que est\u00e3o deixando a inf\u00e2ncia \u2013 na famigerada pr\u00e9-adolesc\u00eancia \u2013 at\u00e9 aqueles que come\u00e7am a viver os desafios para vida adulta poder\u00e3o encontrar narrativas que conversem com cada momento da sua juventude: hist\u00f3rias l\u00fadicas e cheias de aventuras; narrativas de mist\u00e9rio e suspense; tramas cheias de emo\u00e7\u00f5es com os principais conflitos dessa fase (primeiros amores, amizade, rela\u00e7\u00e3o com os pais, vida escolar e tantas outras coisas); al\u00e9m das sempre queridas s\u00e9ries e cole\u00e7\u00f5es em que o leitor pode viver v\u00e1rias jornadas com os mesmos personagens e universos.<\/p>\n<p style=\"font-weight: 400;\">\n<p style=\"font-weight: 400;\">Entre as caracter\u00edsticas do estilo do autor, podem se destacar os personagens emp\u00e1ticos e \u00fanicos; uma narrativa com ganchos, cortes, cenas r\u00e1pidas e muitos acontecimentos, com um estilo cinematogr\u00e1fico e muito visual \u2013 bebendo muito de fontes como o cinema e os quadrinhos.\u00a0<span style=\"font-size: 14px;\">\u00a0E com o objetivo de, antes de qualquer coisa, entreter, sem ser chato, did\u00e1tico ou cheio de regras.<\/span><\/p>\n<p>[\/et_pb_text][\/et_pb_column][et_pb_column type=&#8221;1_2&#8243; _builder_version=&#8221;4.27.6&#8243; _module_preset=&#8221;default&#8221; global_colors_info=&#8221;{}&#8221;][et_pb_image src=&#8221;https:\/\/caiotozzi.com\/web\/wp-content\/uploads\/2026\/04\/Captura-de-Tela-2026-04-15-as-11.37.28.png&#8221; title_text=&#8221;Captura de Tela 2026-04-15 \u00e0s 11.37.28&#8243; align=&#8221;center&#8221; force_fullwidth=&#8221;on&#8221; _builder_version=&#8221;4.27.6&#8243; _module_preset=&#8221;default&#8221; global_colors_info=&#8221;{}&#8221;][\/et_pb_image][\/et_pb_column][\/et_pb_row][et_pb_row _builder_version=&#8221;4.16&#8243; background_size=&#8221;initial&#8221; background_position=&#8221;top_left&#8221; background_repeat=&#8221;repeat&#8221; global_colors_info=&#8221;{}&#8221;][et_pb_column type=&#8221;4_4&#8243; _builder_version=&#8221;4.16&#8243; custom_padding=&#8221;|||&#8221; global_colors_info=&#8221;{}&#8221; custom_padding__hover=&#8221;|||&#8221;][et_pb_divider divider_weight=&#8221;4px&#8221; _builder_version=&#8221;4.27.5&#8243; _module_preset=&#8221;default&#8221; global_colors_info=&#8221;{}&#8221;][\/et_pb_divider][\/et_pb_column][\/et_pb_row][et_pb_row _builder_version=&#8221;4.27.6&#8243; _module_preset=&#8221;default&#8221; global_colors_info=&#8221;{}&#8221;][et_pb_column type=&#8221;4_4&#8243; _builder_version=&#8221;4.27.6&#8243; _module_preset=&#8221;default&#8221; global_colors_info=&#8221;{}&#8221;][et_pb_text _builder_version=&#8221;4.27.6&#8243; _module_preset=&#8221;default&#8221; global_colors_info=&#8221;{}&#8221;]<\/p>\n<h1 style=\"font-weight: 400;\"><span style=\"color: #b22417;\"><strong>CONVERSAS<\/strong><\/span><\/h1>\n<p>Confira algumas participa\u00e7\u00f5es de Caio Tozzi em podcasts, entrevistas e bate-papos.<\/p>\n<p>[\/et_pb_text][\/et_pb_column][\/et_pb_row][et_pb_row column_structure=&#8221;1_2,1_2&#8243; _builder_version=&#8221;4.27.6&#8243; _module_preset=&#8221;default&#8221; global_colors_info=&#8221;{}&#8221;][et_pb_column type=&#8221;1_2&#8243; _builder_version=&#8221;4.27.6&#8243; _module_preset=&#8221;default&#8221; global_colors_info=&#8221;{}&#8221;][et_pb_video src=&#8221;https:\/\/youtu.be\/UwRzQ9-_LsA?si=6QLVbquECZCgLRdG&#8221; _builder_version=&#8221;4.27.6&#8243; _module_preset=&#8221;default&#8221; global_colors_info=&#8221;{}&#8221;][\/et_pb_video][\/et_pb_column][et_pb_column type=&#8221;1_2&#8243; _builder_version=&#8221;4.27.6&#8243; _module_preset=&#8221;default&#8221; global_colors_info=&#8221;{}&#8221;][et_pb_video src=&#8221;https:\/\/youtu.be\/bZmAef9m7Bg?si=4EVk80RmNccZ0ViY&#8221; _builder_version=&#8221;4.27.6&#8243; _module_preset=&#8221;default&#8221; global_colors_info=&#8221;{}&#8221;][\/et_pb_video][\/et_pb_column][\/et_pb_row][et_pb_row column_structure=&#8221;1_2,1_2&#8243; _builder_version=&#8221;4.27.6&#8243; _module_preset=&#8221;default&#8221; global_colors_info=&#8221;{}&#8221;][et_pb_column type=&#8221;1_2&#8243; _builder_version=&#8221;4.27.6&#8243; _module_preset=&#8221;default&#8221; global_colors_info=&#8221;{}&#8221;][et_pb_video src=&#8221;https:\/\/www.youtube.com\/live\/M2OkYWqqqPU?si=wpDprT-5lgf9Nn-L&#8221; _builder_version=&#8221;4.27.6&#8243; _module_preset=&#8221;default&#8221; global_colors_info=&#8221;{}&#8221;][\/et_pb_video][\/et_pb_column][et_pb_column type=&#8221;1_2&#8243; _builder_version=&#8221;4.27.6&#8243; _module_preset=&#8221;default&#8221; global_colors_info=&#8221;{}&#8221;][et_pb_video src=&#8221;https:\/\/www.youtube.com\/live\/LmQ-DzMXVRU?si=VmOW9DK2PiY4_agK&#8221; _builder_version=&#8221;4.27.6&#8243; _module_preset=&#8221;default&#8221; global_colors_info=&#8221;{}&#8221;][\/et_pb_video][\/et_pb_column][\/et_pb_row][et_pb_row _builder_version=&#8221;4.16&#8243; background_size=&#8221;initial&#8221; background_position=&#8221;top_left&#8221; background_repeat=&#8221;repeat&#8221; global_colors_info=&#8221;{}&#8221;][et_pb_column type=&#8221;4_4&#8243; _builder_version=&#8221;4.16&#8243; custom_padding=&#8221;|||&#8221; global_colors_info=&#8221;{}&#8221; custom_padding__hover=&#8221;|||&#8221;][et_pb_divider divider_weight=&#8221;4px&#8221; _builder_version=&#8221;4.27.5&#8243; _module_preset=&#8221;default&#8221; global_colors_info=&#8221;{}&#8221;][\/et_pb_divider][\/et_pb_column][\/et_pb_row][et_pb_row _builder_version=&#8221;4.27.6&#8243; _module_preset=&#8221;default&#8221; column_structure=&#8221;1_2,1_2&#8243;][et_pb_column _builder_version=&#8221;4.27.6&#8243; _module_preset=&#8221;default&#8221; type=&#8221;1_2&#8243;][et_pb_text _builder_version=&#8221;4.27.6&#8243; _module_preset=&#8221;default&#8221; hover_enabled=&#8221;0&#8243; sticky_enabled=&#8221;0&#8243;]<\/p>\n<h1 style=\"font-weight: 400;\"><span style=\"color: #b22417;\"><strong>BIBLIOTECA JUVENIL<\/strong><\/span><\/h1>\n<p style=\"font-weight: 400;\">Apaixonado por literatura juvenil, Caio Tozzi se tornou tamb\u00e9m um grande pesquisador sobre o tema. Muitas vezes, leitores e leitoras pedem a ele indica\u00e7\u00f5es liter\u00e1rias. Por isso aqui est\u00e1 uma lista de sugest\u00f5es de obras e autores que acredita que os jovens devem conhecer \u2013 sendo que muitas delas foram importantes tamb\u00e9m para a constru\u00e7\u00e3o da trajet\u00f3ria do autor. <span>\u00a0<\/span><\/p>\n<ul>\n<li><strong>A Droga da Obedi\u00eancia<\/strong> \u2013 Pedro Bandeira<\/li>\n<li><strong>A hora do amor <\/strong>\u2013 \u00c1lvaro Cardoso Gomes<\/li>\n<li><strong>A ilha do tesouro <\/strong>\u2013 Robert Louis Stevenson<\/li>\n<li><strong>A inven\u00e7\u00e3o de Hugo Cabret<\/strong> \u2013 Brian Selznick<\/li>\n<li><strong>As aventuras de Tom Sawyer<\/strong> \u2013 Mark Twain<\/li>\n<li><strong>As vantagens de ser invis\u00edvel \u2013<\/strong> Stephen Chbosky<\/li>\n<li><strong>Capit\u00e3es da Areia \u2013 <\/strong>Jorge Amado<\/li>\n<li><span> <\/span><span><strong>Cole\u00e7\u00e3o \u201cA Pior semana de todas\u201d \u2013 <\/strong><\/span><span>Eva Amores e Matt Cosgrove<\/span><\/li>\n<li><strong>Crescer \u00e9 perigoso<\/strong> \u2013 Marcia Kupstas<\/li>\n<li><strong>Cuidado: garoto apaixonado<\/strong> \u2013 Toni Brand\u00e3o<\/li>\n<li><strong>Di\u00e1rio de um Banana<\/strong> \u2013 Jeff Kinney<\/li>\n<li><strong>Ei, Deus, est\u00e1 a\u00ed? Sou eu, a Margareth<\/strong>&#8211; Judy Blume<\/li>\n<li><strong>Extraordin\u00e1rio<span> <\/span>&#8211;<\/strong> J. Palacio<\/li>\n<li><strong>Luna Clara &amp; Apolo Onze<\/strong> \u2013 Adriana Falc\u00e3o<\/li>\n<li><strong>Momo <\/strong>\u2013 Michael Ende<\/li>\n<li><span><strong>Natali e sua vontade idiota de agradar todo mundo<\/strong><\/span><span> \u2013<\/span> Thalita Rebou\u00e7as<\/li>\n<li><strong>O apanhador no Campo de Centeio<\/strong> \u2013 J. Salinger<\/li>\n<li><strong>O dia em que a minha vida mudou por causa de um chocolate comprado nas Ilhas Maldivas <\/strong>\u2013 Keka Reis<\/li>\n<li><strong>O di\u00e1rio de uma Princesa Desastrada \u2013 <\/strong>Maydi Lacerda<\/li>\n<li><strong>O menino de vestido<\/strong> \u2013 David Walliams<\/li>\n<li><strong>O mist\u00e9rio do cinco estrelas<\/strong> \u2013 Marcos Rey<\/li>\n<li><strong>O servi\u00e7o de entregas monstruosas <\/strong>\u2013 Jim Anotsu<\/li>\n<li><strong>O ver\u00e3o de Rayme NIghtingale \u2013<\/strong> Kate DiCamillo<\/li>\n<li><strong>Os 13 porqu\u00eas \u2013<\/strong> Jay Asher<\/li>\n<li><strong>Os Futebol\u00edssimos<\/strong> \u2013 Roberto Santiago<\/li>\n<li><strong>Pedro e o portal \u2013<\/strong> Glaucia Lewicki<\/li>\n<li><strong>Quem \u00e9 voc\u00ea, Alasca?<\/strong> \u2013 John Green<\/li>\n<li><strong>Super Marsh Mallow \u2013<\/strong> Andr\u00e9 Catarinacho<\/li>\n<li><strong>The Outsiders \u2013<\/strong>E. Hilton<\/li>\n<li><strong>VIto Grandam: Uma hist\u00f3ria de voos<\/strong> \u2013 Ziraldo<\/li>\n<\/ul>\n<p style=\"font-weight: 400;\"><span>\u00a0<\/span><\/p>\n<p style=\"font-weight: 400;\">(PS: Fique ligado porque esta lista ser\u00e1 atualizada constantemente!)<\/p>\n<ul><\/ul>\n<p>[\/et_pb_text][\/et_pb_column][et_pb_column _builder_version=&#8221;4.27.6&#8243; _module_preset=&#8221;default&#8221; type=&#8221;1_2&#8243;][\/et_pb_column][\/et_pb_row][et_pb_row _builder_version=&#8221;4.27.6&#8243; _module_preset=&#8221;default&#8221; global_colors_info=&#8221;{}&#8221;][et_pb_column type=&#8221;4_4&#8243; _builder_version=&#8221;4.27.6&#8243; _module_preset=&#8221;default&#8221; global_colors_info=&#8221;{}&#8221;][et_pb_divider divider_weight=&#8221;4px&#8221; _builder_version=&#8221;4.27.5&#8243; _module_preset=&#8221;default&#8221; global_colors_info=&#8221;{}&#8221;][\/et_pb_divider][\/et_pb_column][\/et_pb_row][et_pb_row _builder_version=&#8221;4.27.6&#8243; _module_preset=&#8221;default&#8221; global_colors_info=&#8221;{}&#8221;][et_pb_column type=&#8221;4_4&#8243; _builder_version=&#8221;4.27.6&#8243; _module_preset=&#8221;default&#8221; global_colors_info=&#8221;{}&#8221;][et_pb_text _builder_version=&#8221;4.27.6&#8243; _module_preset=&#8221;default&#8221; global_colors_info=&#8221;{}&#8221;]<\/p>\n<h5 style=\"text-align: center;\">Para conhecer projetos de Caio Tozzi no cinema, teatro e outros formatos liter\u00e1rios, navegue no menu &#8220;<strong>outras hist\u00f3rias<\/strong>&#8221; deste site.<\/h5>\n<p>[\/et_pb_text][\/et_pb_column][\/et_pb_row][\/et_pb_section]<\/p>\n","protected":false},"excerpt":{"rendered":"<p>universo do autor&gt;&gt;&gt; Mergulhe aqui nos pensamentos, reflex\u00f5es e \u00a0bastidores da cria\u00e7\u00e3o de CaioTozzi na literatura para jovens. \u201cAntes de tudo, a gente precisa escutar os jovens e entender o que sentem, o que buscam. A\u00ed conseguiremos fazer hist\u00f3rias com as quais se conectem \u2013 e isso \u00e9 o mais importante\u201d Com mais de 30 [&hellip;]<\/p>\n","protected":false},"author":2,"featured_media":0,"parent":0,"menu_order":0,"comment_status":"closed","ping_status":"closed","template":"","meta":{"_et_pb_use_builder":"on","_et_pb_old_content":"","_et_gb_content_width":"","footnotes":""},"class_list":["post-2023","page","type-page","status-publish","hentry"],"_links":{"self":[{"href":"https:\/\/caiotozzi.com\/web\/wp-json\/wp\/v2\/pages\/2023","targetHints":{"allow":["GET"]}}],"collection":[{"href":"https:\/\/caiotozzi.com\/web\/wp-json\/wp\/v2\/pages"}],"about":[{"href":"https:\/\/caiotozzi.com\/web\/wp-json\/wp\/v2\/types\/page"}],"author":[{"embeddable":true,"href":"https:\/\/caiotozzi.com\/web\/wp-json\/wp\/v2\/users\/2"}],"replies":[{"embeddable":true,"href":"https:\/\/caiotozzi.com\/web\/wp-json\/wp\/v2\/comments?post=2023"}],"version-history":[{"count":17,"href":"https:\/\/caiotozzi.com\/web\/wp-json\/wp\/v2\/pages\/2023\/revisions"}],"predecessor-version":[{"id":2074,"href":"https:\/\/caiotozzi.com\/web\/wp-json\/wp\/v2\/pages\/2023\/revisions\/2074"}],"wp:attachment":[{"href":"https:\/\/caiotozzi.com\/web\/wp-json\/wp\/v2\/media?parent=2023"}],"curies":[{"name":"wp","href":"https:\/\/api.w.org\/{rel}","templated":true}]}}