{"id":810,"date":"2020-02-18T17:13:03","date_gmt":"2020-02-18T20:13:03","guid":{"rendered":"https:\/\/caiotozzi.com\/web\/?page_id=810"},"modified":"2026-04-13T19:07:14","modified_gmt":"2026-04-13T22:07:14","slug":"cursos-e-oficinas","status":"publish","type":"page","link":"https:\/\/caiotozzi.com\/web\/cursos-e-oficinas\/","title":{"rendered":"cursos e oficinas"},"content":{"rendered":"<p>[et_pb_section fb_built=&#8221;1&#8243; _builder_version=&#8221;4.16&#8243; global_colors_info=&#8221;{}&#8221;][et_pb_row _builder_version=&#8221;4.16&#8243; background_size=&#8221;initial&#8221; background_position=&#8221;top_left&#8221; background_repeat=&#8221;repeat&#8221; custom_padding=&#8221;27px|0px|0|0px|false|false&#8221; global_colors_info=&#8221;{}&#8221;][et_pb_column type=&#8221;4_4&#8243; _builder_version=&#8221;4.16&#8243; custom_padding=&#8221;|||&#8221; global_colors_info=&#8221;{}&#8221; custom_padding__hover=&#8221;|||&#8221;][et_pb_text admin_label=&#8221;Titulo &#8211; roteiros &#8211; Desktop&#8221; _builder_version=&#8221;4.16&#8243; header_font=&#8221;Montserrat|700||on|||||&#8221; header_text_color=&#8221;#b22417&#8243; header_font_size=&#8221;40px&#8221; global_colors_info=&#8221;{}&#8221;]<\/p>\n<h1 style=\"text-align: center;\">Cursos e oficinas<\/h1>\n<p>[\/et_pb_text][\/et_pb_column][\/et_pb_row][\/et_pb_section][et_pb_section fb_built=&#8221;1&#8243; disabled_on=&#8221;off|off|off&#8221; _builder_version=&#8221;4.16&#8243; custom_padding=&#8221;0|0px|54px|0px|false|false&#8221; global_colors_info=&#8221;{}&#8221;][et_pb_row _builder_version=&#8221;4.16&#8243; background_size=&#8221;initial&#8221; background_position=&#8221;top_left&#8221; background_repeat=&#8221;repeat&#8221; custom_padding=&#8221;0|0px|27px|0px|false|false&#8221; global_colors_info=&#8221;{}&#8221;][et_pb_column type=&#8221;4_4&#8243; _builder_version=&#8221;4.16&#8243; custom_padding=&#8221;|||&#8221; global_colors_info=&#8221;{}&#8221; custom_padding__hover=&#8221;|||&#8221;][et_pb_text admin_label=&#8221;Titulo &#8211; O curso d\u2019\u00e1gua &#8211; Desktop&#8221; _builder_version=&#8221;4.16&#8243; header_font=&#8221;Trebuchet|700|||||||&#8221; header_3_font=&#8221;Averia Serif Libre||||||||&#8221; header_3_text_color=&#8221;#000000&#8243; header_3_font_size=&#8221;18px&#8221; header_4_font=&#8221;Averia Serif Libre||||||||&#8221; header_4_font_size=&#8221;29px&#8221; custom_margin=&#8221;||0px|&#8221; custom_padding=&#8221;||5px|&#8221; header_3_font_size_tablet=&#8221;17px&#8221; header_3_font_size_phone=&#8221;14px&#8221; header_3_font_size_last_edited=&#8221;on|tablet&#8221; header_4_font_size_tablet=&#8221;&#8221; header_4_font_size_phone=&#8221;29px&#8221; header_4_font_size_last_edited=&#8221;on|phone&#8221; custom_css_main_element=&#8221;text-align: justify;&#8221; global_colors_info=&#8221;{}&#8221;]<\/p>\n<h4 style=\"text-align: left;\"><\/h4>\n<h4 style=\"text-align: left;\"><strong><span style=\"color: #660808;\">CURSO<\/span>\u00a0\u00a0<\/strong><\/h4>\n<h4 style=\"font-weight: 400;\"><span style=\"font-size: x-large;\"><strong>LITERATURA JUVENIL \u2013 hist\u00f3rias que transformam<\/strong><\/span><\/h4>\n<p>[\/et_pb_text][et_pb_text _builder_version=&#8221;4.27.5&#8243; text_font=&#8221;Verdana||||||||&#8221; text_text_color=&#8221;#000000&#8243; custom_css_main_element=&#8221;text-align: justify;&#8221; global_colors_info=&#8221;{}&#8221;]<\/p>\n<p style=\"font-weight: 400;\">O curso \u201c<strong><em>Literatura juvenil: hist\u00f3rias que transformam<\/em><\/strong>\u201d prop\u00f5e um mergulho na rela\u00e7\u00e3o dos jovens com o livro e a leitura. Nos encontros, Caio Tozzi traz sua experi\u00eancia com a escrita de livros para pr\u00e9-adolescentes, adolescentes e jovens adultos para abrir discuss\u00f5es acerca de assuntos como a import\u00e2ncia da arte no desenvolvimento dos jovens e o que faz, de fato, o adolescente se conectar com os livros (e tamb\u00e9m se afastar) analisando, inclusive, algumas obras emblem\u00e1ticas voltadas para esse p\u00fablico.<span>\u00a0<\/span><\/p>\n<p style=\"font-weight: 400;\">Al\u00e9m disso, disseca os bastidores da cria\u00e7\u00e3o de um projeto para jovens do ponto de vista do mercado e do escritor e, acima de tudo, coloca a quest\u00e3o na mesa: o que, afinal, os jovens querem ler? Dessa maneira, prop\u00f5e reflex\u00f5es acerca deste universo e oferece ferramentas para todos os interessados no tema, seja quem quer produzir narrativas para as juventudes ou tamb\u00e9m educadores, pais e profissionais que tenham interesse em mergulhar no universo da literatura juvenil.<\/p>\n<p style=\"font-weight: 400;\"><strong>Confira abaixo os registros do curso realizado em setembro de 2025 no Centro de Pesquisa e Forma\u00e7\u00e3o do Sesc SP.<\/strong><\/p>\n<p>[\/et_pb_text][\/et_pb_column][\/et_pb_row][et_pb_row _builder_version=&#8221;4.27.5&#8243; _module_preset=&#8221;default&#8221; global_colors_info=&#8221;{}&#8221;][et_pb_column type=&#8221;4_4&#8243; _builder_version=&#8221;4.27.5&#8243; _module_preset=&#8221;default&#8221; global_colors_info=&#8221;{}&#8221;][et_pb_gallery gallery_ids=&#8221;1830,1836,1835,1834,1833,1832,1831&#8243; show_title_and_caption=&#8221;off&#8221; _builder_version=&#8221;4.27.5&#8243; _module_preset=&#8221;default&#8221; background_color=&#8221;#FFFFFF&#8221; global_colors_info=&#8221;{}&#8221;][\/et_pb_gallery][\/et_pb_column][\/et_pb_row][et_pb_row _builder_version=&#8221;4.16&#8243; background_size=&#8221;initial&#8221; background_position=&#8221;top_left&#8221; background_repeat=&#8221;repeat&#8221; custom_padding=&#8221;0|0px|27px|0px|false|false&#8221; global_colors_info=&#8221;{}&#8221;][et_pb_column type=&#8221;4_4&#8243; _builder_version=&#8221;4.16&#8243; custom_padding=&#8221;|||&#8221; global_colors_info=&#8221;{}&#8221; custom_padding__hover=&#8221;|||&#8221;][et_pb_divider divider_weight=&#8221;4px&#8221; _builder_version=&#8221;4.27.5&#8243; _module_preset=&#8221;default&#8221; global_colors_info=&#8221;{}&#8221;][\/et_pb_divider][\/et_pb_column][\/et_pb_row][et_pb_row _builder_version=&#8221;4.16&#8243; background_size=&#8221;initial&#8221; background_position=&#8221;top_left&#8221; background_repeat=&#8221;repeat&#8221; custom_padding=&#8221;0|0px|27px|0px|false|false&#8221; global_colors_info=&#8221;{}&#8221;][et_pb_column type=&#8221;4_4&#8243; _builder_version=&#8221;4.16&#8243; custom_padding=&#8221;|||&#8221; global_colors_info=&#8221;{}&#8221; custom_padding__hover=&#8221;|||&#8221;][et_pb_text admin_label=&#8221;Titulo &#8211; Mitos &#038; \u00cdcones &#8211; Desktop&#8221; _builder_version=&#8221;4.16&#8243; header_font=&#8221;Averia Serif Libre||||||||&#8221; header_text_color=&#8221;#515151&#8243; header_font_size=&#8221;26px&#8221; header_3_font=&#8221;Averia Serif Libre||||||||&#8221; header_3_text_color=&#8221;#000000&#8243; header_3_font_size=&#8221;18px&#8221; header_4_font=&#8221;Averia Serif Libre||||||||&#8221; header_4_font_size=&#8221;29px&#8221; custom_margin=&#8221;||0px|&#8221; custom_padding=&#8221;||0px|&#8221; header_3_font_size_tablet=&#8221;17px&#8221; header_3_font_size_phone=&#8221;14px&#8221; header_3_font_size_last_edited=&#8221;on|tablet&#8221; header_4_font_size_tablet=&#8221;&#8221; header_4_font_size_phone=&#8221;29px&#8221; header_4_font_size_last_edited=&#8221;on|phone&#8221; custom_css_main_element=&#8221;text-align: justify;&#8221; global_colors_info=&#8221;{}&#8221;]<\/p>\n<h4><\/h4>\n<h4><span style=\"color: #700505;\"><strong>OFICINA<\/strong><\/span><\/h4>\n<p><span style=\"color: #700505;\"><strong><\/strong><\/span><\/p>\n<h3 style=\"font-weight: 400;\"><span style=\"font-size: x-large;\"><strong>ESCREVER PARA JOVENS &#8211; escuta, vibra\u00e7\u00e3o, conex\u00e3o<\/strong><\/span><\/h3>\n<p>[\/et_pb_text][et_pb_text _builder_version=&#8221;4.16&#8243; text_font=&#8221;Verdana||||||||&#8221; text_text_color=&#8221;#000000&#8243; custom_css_main_element=&#8221;text-align: justify;&#8221; global_colors_info=&#8221;{}&#8221;]<\/p>\n<p style=\"font-weight: 400;\">Escrever para jovens \u00e9, acima de tudo, criar hist\u00f3rias que possam ser grandes companhias para quem est\u00e1 em uma fase de muitas transforma\u00e7\u00f5es. \u00c9 a partir deste olhar que Caio Tozzi, autor de livros para pr\u00e9-adolescentes, adolescentes e jovens adultos, vai conduzir a oficina\u00a0<strong>\u201cEscrever para jovens: escuta, vibra\u00e7\u00e3o, conex\u00e3o\u201d,<\/strong>\u00a0voltada para aqueles que querem produzir literatura para as juventudes.<\/p>\n<p style=\"font-weight: 400;\">Durante os encontros, mais do que apenas trabalhar nas etapas da produ\u00e7\u00e3o de um texto voltado para adolescentes, os participantes ser\u00e3o convidados a reflex\u00f5es sobre a import\u00e2ncia sobre este trabalho e o compromisso que se deve ter para dialogar com este p\u00fablico. Entender quem \u00e9 este p\u00fablico e o que buscam para, com isso, investigar caminhos que as hist\u00f3rias podem percorrer para conect\u00e1-los.<\/p>\n<p style=\"font-weight: 400;\">Compartilhando seu m\u00e9todo, em aulas te\u00f3ricas e com exerc\u00edcios pr\u00e1ticos, Caio vai falar sobre a import\u00e2ncia da constru\u00e7\u00e3o de personagens que gerem identifica\u00e7\u00e3o e tragam a complexidade da adolesc\u00eancia; abordar maneiras de estruturar uma narrativa que prenda a aten\u00e7\u00e3o do leitor; al\u00e9m de dissecar trechos de obras que marcaram gera\u00e7\u00f5es.<\/p>\n<p>[\/et_pb_text][\/et_pb_column][\/et_pb_row][et_pb_row _builder_version=&#8221;4.27.5&#8243; _module_preset=&#8221;default&#8221; global_colors_info=&#8221;{}&#8221;][et_pb_column type=&#8221;4_4&#8243; _builder_version=&#8221;4.27.5&#8243; _module_preset=&#8221;default&#8221; global_colors_info=&#8221;{}&#8221;][et_pb_divider divider_weight=&#8221;4px&#8221; _builder_version=&#8221;4.27.5&#8243; _module_preset=&#8221;default&#8221; global_colors_info=&#8221;{}&#8221;][\/et_pb_divider][\/et_pb_column][\/et_pb_row][et_pb_row _builder_version=&#8221;4.16&#8243; background_size=&#8221;initial&#8221; background_position=&#8221;top_left&#8221; background_repeat=&#8221;repeat&#8221; custom_padding=&#8221;0|0px|27px|0px|false|false&#8221; global_colors_info=&#8221;{}&#8221;][et_pb_column type=&#8221;4_4&#8243; _builder_version=&#8221;4.16&#8243; custom_padding=&#8221;|||&#8221; global_colors_info=&#8221;{}&#8221; custom_padding__hover=&#8221;|||&#8221;][et_pb_text admin_label=&#8221;Titulo &#8211; A nuvem &#8211; Desktop&#8221; _builder_version=&#8221;4.16&#8243; header_font=&#8221;Trebuchet|700|||||||&#8221; header_3_font=&#8221;Averia Serif Libre||||||||&#8221; header_3_text_color=&#8221;#000000&#8243; header_3_font_size=&#8221;18px&#8221; header_4_font=&#8221;Averia Serif Libre||||||||&#8221; header_4_font_size=&#8221;29px&#8221; custom_margin=&#8221;||0px|&#8221; custom_padding=&#8221;||5px|&#8221; header_3_font_size_tablet=&#8221;17px&#8221; header_3_font_size_phone=&#8221;14px&#8221; header_3_font_size_last_edited=&#8221;on|tablet&#8221; header_4_font_size_tablet=&#8221;&#8221; header_4_font_size_phone=&#8221;29px&#8221; header_4_font_size_last_edited=&#8221;on|phone&#8221; custom_css_main_element=&#8221;text-align: justify;&#8221; global_colors_info=&#8221;{}&#8221;]<\/p>\n<h4><\/h4>\n<h4><span style=\"color: #700505;\"><strong>PAL<\/strong><\/span><span style=\"color: #700505;\"><strong>E<\/strong><\/span><span style=\"color: #700505;\"><strong>STRA<\/strong><\/span><\/h4>\n<div><\/div>\n<h3 style=\"font-weight: 400;\"><span style=\"font-size: x-large;\"><strong>JOVEM AGORA &#8211; celebrando a mais importante fase da vida em companhia da literatura<\/strong><\/span><\/h3>\n<p>[\/et_pb_text][et_pb_text _builder_version=&#8221;4.16&#8243; text_font=&#8221;Verdana||||||||&#8221; text_text_color=&#8221;#000000&#8243; custom_css_main_element=&#8221;text-align: justify;&#8221; global_colors_info=&#8221;{}&#8221;]<\/p>\n<p style=\"font-weight: 400;\">As hist\u00f3rias de fic\u00e7\u00e3o s\u00e3o grandes companheiras para uma das mais importantes fases da nossa vida: a adolesc\u00eancia. Muitas vezes \u00e9 um livro, um filme, uma s\u00e9rie ou qualquer outra forma narrativa que abre di\u00e1logos sobre assuntos e temas que tem rondado a vida de um jovem &#8211; e que ele n\u00e3o encontra espa\u00e7o em nenhum outro lugar para este acolhimento e reflex\u00e3o. Afinal, os personagens da fic\u00e7\u00e3o ajudam a gente a olhar para dentro, por meio do espelhamento das experi\u00eancias. Podemos reconhecer neles nossas alegrias, segredos e vulnerabilidades um tanto protegidos dos olhares do mundo \u2013 a arte \u00e9 um lugar seguro para experimentar sentimentos e sensa\u00e7\u00f5es.<\/p>\n<p style=\"font-weight: 400;\">Partindo disso, Caio Tozzi utiliza da sua experi\u00eancia com os jovens, pesquisa sobre este universo e produ\u00e7\u00e3o liter\u00e1ria para o p\u00fablico para realizar um encontro de trocas sobre a import\u00e2ncia da literatura e da arte na jornada entre o fim da inf\u00e2ncia e o in\u00edcio da vida adulta \u2013 e, claro, estimular que ela aconte\u00e7a, apontando caminhos e sugest\u00f5es.<\/p>\n<p style=\"font-weight: 400;\"><span style=\"font-weight: 400;\">Em uma palestra leve, divertida e que sempre parte da escuta do p\u00fablico presente, Caio prop\u00f5e um mergulho nas hist\u00f3rias que est\u00e3o os conectando para que se traga para a roda de conversa uma troca sobre os desafios da juventude. Um momento de encontro para celebrar a beleza de ser jovem, sem julgamentos, sem press\u00e3o e sem ter de pensar e resolver o futuro antes que ele chegue.<\/span><\/p>\n<p>[\/et_pb_text][\/et_pb_column][\/et_pb_row][et_pb_row _builder_version=&#8221;4.27.5&#8243; _module_preset=&#8221;default&#8221; global_colors_info=&#8221;{}&#8221;][et_pb_column type=&#8221;4_4&#8243; _builder_version=&#8221;4.27.5&#8243; _module_preset=&#8221;default&#8221; global_colors_info=&#8221;{}&#8221;][et_pb_divider divider_weight=&#8221;4px&#8221; _builder_version=&#8221;4.27.5&#8243; _module_preset=&#8221;default&#8221; global_colors_info=&#8221;{}&#8221;][\/et_pb_divider][\/et_pb_column][\/et_pb_row][et_pb_row _builder_version=&#8221;4.16&#8243; background_size=&#8221;initial&#8221; background_position=&#8221;top_left&#8221; background_repeat=&#8221;repeat&#8221; custom_padding=&#8221;0|0px|27px|0px|false|false&#8221; global_colors_info=&#8221;{}&#8221;][et_pb_column type=&#8221;4_4&#8243; _builder_version=&#8221;4.16&#8243; custom_padding=&#8221;|||&#8221; global_colors_info=&#8221;{}&#8221; custom_padding__hover=&#8221;|||&#8221;][et_pb_text admin_label=&#8221;Titulo &#8211; Mitos &#038; \u00cdcones &#8211; Desktop&#8221; _builder_version=&#8221;4.16&#8243; header_font=&#8221;Averia Serif Libre||||||||&#8221; header_text_color=&#8221;#515151&#8243; header_font_size=&#8221;26px&#8221; header_3_font=&#8221;Averia Serif Libre||||||||&#8221; header_3_text_color=&#8221;#000000&#8243; header_3_font_size=&#8221;18px&#8221; header_4_font=&#8221;Averia Serif Libre||||||||&#8221; header_4_font_size=&#8221;29px&#8221; custom_margin=&#8221;||0px|&#8221; custom_padding=&#8221;||0px|&#8221; header_3_font_size_tablet=&#8221;17px&#8221; header_3_font_size_phone=&#8221;14px&#8221; header_3_font_size_last_edited=&#8221;on|tablet&#8221; header_4_font_size_tablet=&#8221;&#8221; header_4_font_size_phone=&#8221;29px&#8221; header_4_font_size_last_edited=&#8221;on|phone&#8221; custom_css_main_element=&#8221;text-align: justify;&#8221; global_colors_info=&#8221;{}&#8221;]<\/p>\n<h4><\/h4>\n<p><span style=\"color: #700505;\"><strong><\/strong><\/span><\/p>\n<h1 style=\"font-weight: 400;\"><span style=\"color: #000000;\"><strong>Mentoria, consultoria e leituras cr\u00edticas <\/strong><\/span><\/h1>\n<p>[\/et_pb_text][et_pb_text _builder_version=&#8221;4.16&#8243; text_font=&#8221;Verdana||||||||&#8221; text_text_color=&#8221;#000000&#8243; custom_css_main_element=&#8221;text-align: justify;&#8221; global_colors_info=&#8221;{}&#8221;]<\/p>\n<p style=\"font-weight: 400;\">Este \u00e9 um programa de mentoria individual para autores que querem produzir narrativas para o p\u00fablico jovem (pr\u00e9-adolescentes, adolescentes ou jovens adultos). Al\u00e9m de um acompanhamento em todas as etapas do projeto (defini\u00e7\u00e3o de objetivos, p\u00fablico, estrutura\u00e7\u00e3o, escrita e revis\u00e3o), Caio Tozzi apresenta refer\u00eancias, traz propostas e divide sua experi\u00eancia para auxiliar no direcionamento do original no mercado. Cada mentoria ter\u00e1 sua estrutura definida a partir da necessidade do projeto. Al\u00e9m disso, existe a op\u00e7\u00e3o de contar com leituras cr\u00edtica ou consultorias pontuais para projetos neste universo. <span>Para saber mais, entre em contato para pensarmos juntos e criarmos algo para atender a sua necessidade.<\/span><\/p>\n<p>[\/et_pb_text][\/et_pb_column][\/et_pb_row][et_pb_row _builder_version=&#8221;4.27.5&#8243; _module_preset=&#8221;default&#8221; global_colors_info=&#8221;{}&#8221;][et_pb_column type=&#8221;4_4&#8243; _builder_version=&#8221;4.27.5&#8243; _module_preset=&#8221;default&#8221; global_colors_info=&#8221;{}&#8221;][et_pb_divider divider_weight=&#8221;4px&#8221; _builder_version=&#8221;4.27.5&#8243; _module_preset=&#8221;default&#8221; global_colors_info=&#8221;{}&#8221;][\/et_pb_divider][\/et_pb_column][\/et_pb_row][et_pb_row _builder_version=&#8221;4.16&#8243; background_size=&#8221;initial&#8221; background_position=&#8221;top_left&#8221; background_repeat=&#8221;repeat&#8221; global_colors_info=&#8221;{}&#8221;][et_pb_column type=&#8221;4_4&#8243; _builder_version=&#8221;4.16&#8243; custom_padding=&#8221;|||&#8221; global_colors_info=&#8221;{}&#8221; custom_padding__hover=&#8221;|||&#8221;][et_pb_text _builder_version=&#8221;4.27.5&#8243; text_font=&#8221;Verdana||||||||&#8221; text_text_color=&#8221;#000000&#8243; custom_css_main_element=&#8221;text-align: justify;&#8221; global_colors_info=&#8221;{}&#8221;]<\/p>\n<p style=\"font-weight: 400;\">Para saber como levar alguma destas atividades para sua escola, biblioteca, institui\u00e7\u00e3o cultural, evento liter\u00e1rio ou empresa entre em contato com<span>\u00a0<\/span><strong><a href=\"mailto:contato@caiotozzi.com\">contato@caiotozzi.com<\/a>\u00a0<\/strong><\/p>\n<p>[\/et_pb_text][\/et_pb_column][\/et_pb_row][\/et_pb_section]<\/p>\n","protected":false},"excerpt":{"rendered":"<p>Cursos e oficinas CURSO\u00a0\u00a0 LITERATURA JUVENIL \u2013 hist\u00f3rias que transformamO curso \u201cLiteratura juvenil: hist\u00f3rias que transformam\u201d prop\u00f5e um mergulho na rela\u00e7\u00e3o dos jovens com o livro e a leitura. Nos encontros, Caio Tozzi traz sua experi\u00eancia com a escrita de livros para pr\u00e9-adolescentes, adolescentes e jovens adultos para abrir discuss\u00f5es acerca de assuntos como a [&hellip;]<\/p>\n","protected":false},"author":1,"featured_media":0,"parent":0,"menu_order":0,"comment_status":"closed","ping_status":"closed","template":"","meta":{"_et_pb_use_builder":"on","_et_pb_old_content":"","_et_gb_content_width":"","footnotes":""},"class_list":["post-810","page","type-page","status-publish","hentry"],"_links":{"self":[{"href":"https:\/\/caiotozzi.com\/web\/wp-json\/wp\/v2\/pages\/810","targetHints":{"allow":["GET"]}}],"collection":[{"href":"https:\/\/caiotozzi.com\/web\/wp-json\/wp\/v2\/pages"}],"about":[{"href":"https:\/\/caiotozzi.com\/web\/wp-json\/wp\/v2\/types\/page"}],"author":[{"embeddable":true,"href":"https:\/\/caiotozzi.com\/web\/wp-json\/wp\/v2\/users\/1"}],"replies":[{"embeddable":true,"href":"https:\/\/caiotozzi.com\/web\/wp-json\/wp\/v2\/comments?post=810"}],"version-history":[{"count":45,"href":"https:\/\/caiotozzi.com\/web\/wp-json\/wp\/v2\/pages\/810\/revisions"}],"predecessor-version":[{"id":1962,"href":"https:\/\/caiotozzi.com\/web\/wp-json\/wp\/v2\/pages\/810\/revisions\/1962"}],"wp:attachment":[{"href":"https:\/\/caiotozzi.com\/web\/wp-json\/wp\/v2\/media?parent=810"}],"curies":[{"name":"wp","href":"https:\/\/api.w.org\/{rel}","templated":true}]}}