{"id":86,"date":"2018-08-20T18:56:52","date_gmt":"2018-08-20T21:56:52","guid":{"rendered":"https:\/\/caiotozzi.com\/web\/?page_id=86"},"modified":"2026-04-13T20:04:10","modified_gmt":"2026-04-13T23:04:10","slug":"caio-tozzi","status":"publish","type":"page","link":"https:\/\/caiotozzi.com\/web\/","title":{"rendered":"home"},"content":{"rendered":"<p>[et_pb_section fb_built=&#8221;1&#8243; module_id=&#8221;BannerHome&#8221; _builder_version=&#8221;4.27.5&#8243; _module_preset=&#8221;default&#8221; background_image=&#8221;https:\/\/caiotozzi.com\/web\/wp-content\/uploads\/2026\/02\/Imagem-Livros-Juvenis-Caio-Tozzi-rotated.jpg&#8221; height=&#8221;90vh&#8221; background_last_edited=&#8221;on|phone&#8221; background_position_tablet=&#8221;center_right&#8221; global_colors_info=&#8221;{}&#8221; custom_css_main_element_last_edited=&#8221;off|phone&#8221;][\/et_pb_section][et_pb_section fb_built=&#8221;1&#8243; disabled_on=&#8221;off|off|&#8221; _builder_version=&#8221;4.27.5&#8243; max_width=&#8221;95%&#8221; max_width_tablet=&#8221;&#8221; max_width_phone=&#8221;100%&#8221; max_width_last_edited=&#8221;on|desktop&#8221; custom_padding=&#8221;100px|0px|100px|0px|true|false&#8221; global_colors_info=&#8221;{}&#8221;][et_pb_row column_structure=&#8221;2_5,3_5&#8243; use_custom_gutter=&#8221;on&#8221; make_equal=&#8221;on&#8221; padding_left_right_link_2=&#8221;false&#8221; disabled_on=&#8221;off|off|off&#8221; module_id=&#8221;Linha-Sobre-mim&#8221; _builder_version=&#8221;4.27.5&#8243; background_size=&#8221;initial&#8221; background_position=&#8221;top_left&#8221; background_repeat=&#8221;repeat&#8221; width=&#8221;84%&#8221; max_width=&#8221;84%&#8221; module_alignment=&#8221;center&#8221; custom_padding=&#8221;||||false|false&#8221; use_custom_width=&#8221;on&#8221; width_unit=&#8221;off&#8221; custom_width_percent=&#8221;84%&#8221; global_colors_info=&#8221;{}&#8221; custom_css_main_element_last_edited=&#8221;off|phone&#8221;][et_pb_column type=&#8221;2_5&#8243; _builder_version=&#8221;4.27.5&#8243; custom_padding=&#8221;|||&#8221; global_colors_info=&#8221;{}&#8221; custom_padding__hover=&#8221;|||&#8221;][et_pb_image src=&#8221;https:\/\/caiotozzi.com\/web\/wp-content\/uploads\/2026\/02\/Credito_Cris-Leonel_-Hello-Foto-Arte-scaled.jpg&#8221; alt=&#8221;Banner: Caio Tozzi&#8221; title_text=&#8221;Cr\u00e9dito_Cris Leonel_ Hello Foto Arte&#8221; _builder_version=&#8221;4.27.5&#8243; _module_preset=&#8221;default&#8221; custom_margin=&#8221;-37px|||||&#8221; custom_padding=&#8221;|3px||5px||&#8221; global_colors_info=&#8221;{}&#8221;][\/et_pb_image][\/et_pb_column][et_pb_column type=&#8221;3_5&#8243; _builder_version=&#8221;4.27.5&#8243; custom_padding=&#8221;||||false|false&#8221; global_colors_info=&#8221;{}&#8221; custom_padding__hover=&#8221;|||&#8221;][et_pb_text disabled_on=&#8221;off|off|&#8221; module_id=&#8221;Texto-Sobre-mim&#8221; _builder_version=&#8221;4.27.5&#8243; text_font=&#8221;Montserrat||||||||&#8221; max_width_tablet=&#8221;67%&#8221; max_width_last_edited=&#8221;off|phone&#8221; custom_padding=&#8221;|||||false&#8221; global_colors_info=&#8221;{}&#8221;]<\/p>\n<h2 style=\"font-weight: 400;\"><span style=\"color: #ffb600;\"><strong><\/strong><\/span><\/h2>\n<h2 style=\"font-weight: 400;\"><span style=\"color: #ffb600;\"><strong>Sobre mim<\/strong><\/span><\/h2>\n<p style=\"font-weight: 400;\"><span style=\"color: #000000;\"><strong><\/strong><\/span><\/p>\n<p><span style=\"color: #000000;\"><span style=\"color: #a5170d;\"><strong>Caio Tozzi<\/strong><\/span> \u00e9 escritor, jornalista e roteirista. \u00c9 apaixonado e especializado em hist\u00f3rias para pr\u00e9-adolescentes, adolescentes e jovens adultos. Na literatura, tem mais de trinta t\u00edtulos publicados para estes leitores como \u201c<em>Charles e a garota que n\u00e3o gostava dele<\/em>\u201d, \u201c<em>O Livro do Cuca\u201d, <\/em>\u201c<em>Fabulosa Mani<\/em>\u201d, \u201c<em>Edif\u00edcio Universo<\/em>\u201d, \u201c<em>Procura-se Zapata<\/em>\u201d, \u201c<em>Sala 1208\u201d<\/em>, \u201c<em>Super-Ulisses\u201d, <\/em>entre outros. Foi tr\u00eas vezes finalista da categoria livro juvenil no Pr\u00eamio Jabuti e tamb\u00e9m finalista do Pr\u00eamio Barco a Vapor, al\u00e9m de ter seus livros adotados em programas como PNLD Liter\u00e1rio e Minha Biblioteca. Em sua trajet\u00f3ria, dirigiu document\u00e1rios, escreveu pe\u00e7as de teatro e \u00e9 o criador do <em>podcast<\/em> <em>#MOCHILA<\/em>, que promove di\u00e1logos sobre as narrativas criadas para as juventudes. Ministra cursos, oficinas e circula eventos liter\u00e1rios e escolas dando palestras sobre literatura, criatividade e escrita sempre relacionado com a jornada da adolesc\u00eancia. Para saber sobre cada um desses projetos e conhecer mais do trabalho de Caio Tozzi navegue pelo menu deste site.<\/span><\/p>\n<p><span style=\"color: #000000;\"><strong><br \/><span style=\"color: #000000;\">Contato | (11) 96393-7480 | contato@caiotozzi.com<\/span><\/strong><\/span><\/p>\n<p>[\/et_pb_text][\/et_pb_column][\/et_pb_row][\/et_pb_section]<\/p>\n","protected":false},"excerpt":{"rendered":"<p>Sobre mim Caio Tozzi \u00e9 escritor, jornalista e roteirista. \u00c9 apaixonado e especializado em hist\u00f3rias para pr\u00e9-adolescentes, adolescentes e jovens adultos. Na literatura, tem mais de trinta t\u00edtulos publicados para estes leitores como \u201cCharles e a garota que n\u00e3o gostava dele\u201d, \u201cO Livro do Cuca\u201d, \u201cFabulosa Mani\u201d, \u201cEdif\u00edcio Universo\u201d, \u201cProcura-se Zapata\u201d, \u201cSala 1208\u201d, \u201cSuper-Ulisses\u201d, entre [&hellip;]<\/p>\n","protected":false},"author":1,"featured_media":0,"parent":0,"menu_order":0,"comment_status":"closed","ping_status":"closed","template":"","meta":{"_et_pb_use_builder":"on","_et_pb_old_content":"","_et_gb_content_width":"","footnotes":""},"class_list":["post-86","page","type-page","status-publish","hentry"],"_links":{"self":[{"href":"https:\/\/caiotozzi.com\/web\/wp-json\/wp\/v2\/pages\/86","targetHints":{"allow":["GET"]}}],"collection":[{"href":"https:\/\/caiotozzi.com\/web\/wp-json\/wp\/v2\/pages"}],"about":[{"href":"https:\/\/caiotozzi.com\/web\/wp-json\/wp\/v2\/types\/page"}],"author":[{"embeddable":true,"href":"https:\/\/caiotozzi.com\/web\/wp-json\/wp\/v2\/users\/1"}],"replies":[{"embeddable":true,"href":"https:\/\/caiotozzi.com\/web\/wp-json\/wp\/v2\/comments?post=86"}],"version-history":[{"count":200,"href":"https:\/\/caiotozzi.com\/web\/wp-json\/wp\/v2\/pages\/86\/revisions"}],"predecessor-version":[{"id":1976,"href":"https:\/\/caiotozzi.com\/web\/wp-json\/wp\/v2\/pages\/86\/revisions\/1976"}],"wp:attachment":[{"href":"https:\/\/caiotozzi.com\/web\/wp-json\/wp\/v2\/media?parent=86"}],"curies":[{"name":"wp","href":"https:\/\/api.w.org\/{rel}","templated":true}]}}