{"id":927,"date":"2021-05-14T14:58:58","date_gmt":"2021-05-14T17:58:58","guid":{"rendered":"https:\/\/caiotozzi.com\/web\/?page_id=927"},"modified":"2026-02-11T14:38:51","modified_gmt":"2026-02-11T17:38:51","slug":"podcast","status":"publish","type":"page","link":"https:\/\/caiotozzi.com\/web\/podcast\/","title":{"rendered":"podcast"},"content":{"rendered":"<p>[et_pb_section fb_built=&#8221;1&#8243; disabled_on=&#8221;off|off|off&#8221; _builder_version=&#8221;4.16&#8243; custom_padding=&#8221;0|0px|0|0px|false|false&#8221; global_colors_info=&#8221;{}&#8221;][et_pb_row _builder_version=&#8221;4.16&#8243; custom_padding=&#8221;41px|0px|27px|0px|false|false&#8221; global_colors_info=&#8221;{}&#8221;][et_pb_column type=&#8221;4_4&#8243; _builder_version=&#8221;4.16&#8243; custom_padding=&#8221;|||&#8221; global_colors_info=&#8221;{}&#8221; custom_padding__hover=&#8221;|||&#8221;][et_pb_text _builder_version=&#8221;4.16&#8243; text_font=&#8221;||||||||&#8221; header_font=&#8221;Montserrat|700|||||||&#8221; header_text_color=&#8221;#b22417&#8243; header_font_size=&#8221;35px&#8221; global_colors_info=&#8221;{}&#8221;]<\/p>\n<h1 style=\"text-align: center;\">PODCAST<\/h1>\n<p>[\/et_pb_text][\/et_pb_column][\/et_pb_row][\/et_pb_section][et_pb_section fb_built=&#8221;1&#8243; _builder_version=&#8221;4.16&#8243; custom_padding=&#8221;0|0px|0|0px|false|false&#8221; global_colors_info=&#8221;{}&#8221;][et_pb_row column_structure=&#8221;1_3,2_3&#8243; _builder_version=&#8221;4.16&#8243; global_colors_info=&#8221;{}&#8221;][et_pb_column type=&#8221;1_3&#8243; _builder_version=&#8221;4.16&#8243; custom_padding=&#8221;|||&#8221; global_colors_info=&#8221;{}&#8221; custom_padding__hover=&#8221;|||&#8221;][et_pb_image src=&#8221;https:\/\/caiotozzi.com\/web\/wp-content\/uploads\/2021\/05\/Logo_Mochila_01-min.jpg&#8221; align_tablet=&#8221;center&#8221; align_phone=&#8221;center&#8221; align_last_edited=&#8221;on|desktop&#8221; _builder_version=&#8221;4.16&#8243; custom_padding=&#8221;|||||true&#8221; global_colors_info=&#8221;{}&#8221;][\/et_pb_image][\/et_pb_column][et_pb_column type=&#8221;2_3&#8243; _builder_version=&#8221;4.16&#8243; custom_padding=&#8221;|||&#8221; global_colors_info=&#8221;{}&#8221; custom_padding__hover=&#8221;|||&#8221;][et_pb_text _builder_version=&#8221;4.16&#8243; text_font=&#8221;||||||||&#8221; max_width_tablet=&#8221;&#8221; max_width_phone=&#8221;&#8221; max_width_last_edited=&#8221;on|desktop&#8221; global_colors_info=&#8221;{}&#8221;]<\/p>\n<p style=\"font-weight: 400;\"><span style=\"color: #000000;\">Al\u00e9m da produ\u00e7\u00e3o de seus livros, Caio Tozzi sempre buscou criar caminhos para estimular reflex\u00f5es e abrir di\u00e1logos sobre as narrativas que s\u00e3o produzidas para jovens e, assim, conectar mais e mais pessoas que est\u00e3o ligadas no tema.\u00a0<\/span><\/p>\n<p style=\"font-weight: 400;\"><span style=\"color: #000000;\">Foi por isso que em 2020 colocou no ar o\u00a0<em>podcast<\/em>\u00a0<strong>#MOCHILA<\/strong>. Cada epis\u00f3dio traz um convidado ou convidada em uma conversa sobre os bastidores das cria\u00e7\u00f5es de hist\u00f3rias voltadas para o pr\u00e9-adolescentes, adolescentes e jovens adultos.\u00a0<\/span><\/p>\n<p style=\"font-weight: 400;\"><span style=\"color: #000000;\">Em suas quatro temporadas, o programa aborda n\u00e3o apenas a literatura, mas tamb\u00e9m o universo do cinema, televis\u00e3o, teatro e todas as m\u00eddias que comportam uma fic\u00e7\u00e3o para\u00a0este p\u00fablico. E os papos trazem importantes temas como diversidade, representatividade, hist\u00f3ria, pol\u00edtica, inclus\u00e3o, afeto, entre tantas outras coisas.\u00a0<\/span><\/p>\n<p style=\"font-weight: 400;\"><span style=\"color: #000000;\">O\u00a0<strong>#MOCHILA<\/strong>\u00a0quer inspirar leitores, educadores e todo mundo que se interessar pelas alegrias e desafios do crescimento ao longo da juventude.<\/span><\/p>\n<p style=\"font-weight: 400;\"><span style=\"color: #b22417;\">Para ouvir os programas, basta\u00a0procurar por\u00a0<strong>#MOCHILA<\/strong>\u00a0na sua plataforma digital preferida, como Spotify ou Google Podcasts ou clicar\u00a0direto\u00a0no link no fim\u00a0da\u00a0p\u00e1gina.\u00a0<\/span><\/p>\n<p>[\/et_pb_text][\/et_pb_column][\/et_pb_row][et_pb_row _builder_version=&#8221;4.27.5&#8243; _module_preset=&#8221;default&#8221; global_colors_info=&#8221;{}&#8221;][et_pb_column type=&#8221;4_4&#8243; _builder_version=&#8221;4.27.5&#8243; _module_preset=&#8221;default&#8221; global_colors_info=&#8221;{}&#8221;][et_pb_text _builder_version=&#8221;4.27.5&#8243; _module_preset=&#8221;default&#8221; global_colors_info=&#8221;{}&#8221;]<\/p>\n<h4 style=\"text-align: center;\">Conhe\u00e7a abaixo os convidados de todos os epis\u00f3dios das quatro temporadas do podcast que est\u00e3o no ar.<\/h4>\n<h4><\/h4>\n<p>[\/et_pb_text][\/et_pb_column][\/et_pb_row][\/et_pb_section][et_pb_section fb_built=&#8221;1&#8243; disabled_on=&#8221;off|off|off&#8221; _builder_version=&#8221;4.16&#8243; custom_padding=&#8221;0|0px|54px|0px|false|false&#8221; global_colors_info=&#8221;{}&#8221;][et_pb_row column_structure=&#8221;1_4,1_4,1_4,1_4&#8243; _builder_version=&#8221;4.27.5&#8243; _module_preset=&#8221;default&#8221; global_colors_info=&#8221;{}&#8221;][et_pb_column type=&#8221;1_4&#8243; _builder_version=&#8221;4.27.5&#8243; _module_preset=&#8221;default&#8221; global_colors_info=&#8221;{}&#8221;][et_pb_text _builder_version=&#8221;4.27.5&#8243; _module_preset=&#8221;default&#8221; global_colors_info=&#8221;{}&#8221;]<\/p>\n<p style=\"font-weight: 400;\"><span style=\"color: #b22417;\"><strong>TEMPORADA UM &#8211; UNIVERSOS LITER\u00c1RIOS<\/strong><\/span><\/p>\n<p style=\"font-weight: 400;\"><span style=\"color: #000000;\"><strong>Epis\u00f3dio 1 &#8211;<\/strong> Keka Reis<\/span><\/p>\n<p style=\"font-weight: 400;\"><span style=\"color: #000000;\"><strong>Epis\u00f3dio 2 &#8211;<\/strong> Severino Rodrigues<\/span><\/p>\n<p style=\"font-weight: 400;\"><span style=\"color: #000000;\"><strong>Epis\u00f3dio 3 &#8211;<\/strong> Lorrane Fortunato<\/span><\/p>\n<p style=\"font-weight: 400;\"><span style=\"color: #000000;\"><strong>Epis\u00f3dio 4 &#8211;<\/strong> Ana Cristina Massa<\/span><\/p>\n<p style=\"font-weight: 400;\"><span style=\"color: #000000;\"><strong>Epis\u00f3dio 5 &#8211;<\/strong> Stella Maris Rezende<\/span><\/p>\n<p style=\"font-weight: 400;\"><span style=\"color: #000000;\"><strong>Epis\u00f3dio 6 &#8211;<\/strong> Toni Brand\u00e3o<\/span><\/p>\n<p style=\"font-weight: 400;\"><span style=\"color: #000000;\"><strong>Epis\u00f3dio 7 &#8211;<\/strong> Lav\u00ednia Rocha<\/span><\/p>\n<p style=\"font-weight: 400;\"><span style=\"color: #000000;\"><strong>Epis\u00f3dio 8 &#8211;<\/strong> Gustavo Rosseb<\/span><\/p>\n<p style=\"font-weight: 400;\"><span style=\"color: #000000;\"><strong>Epis\u00f3dio 9 &#8211;<\/strong> Anna Claudia Ramos<\/span><\/p>\n<p style=\"font-weight: 400;\"><span style=\"color: #000000;\"><strong>Epis\u00f3dio 10 &#8211;<\/strong> Pedro Bandeira<\/span><\/p>\n<p>[\/et_pb_text][\/et_pb_column][et_pb_column type=&#8221;1_4&#8243; _builder_version=&#8221;4.27.5&#8243; _module_preset=&#8221;default&#8221; global_colors_info=&#8221;{}&#8221;][et_pb_text _builder_version=&#8221;4.27.5&#8243; _module_preset=&#8221;default&#8221; global_colors_info=&#8221;{}&#8221;]<\/p>\n<p style=\"font-weight: 400;\"><span style=\"color: #b22417;\"><strong>TEMPORADA DOIS &#8211; JOVENS LEITURAS<\/strong><\/span><\/p>\n<p style=\"font-weight: 400;\"><span style=\"color: #000000;\"><strong>Epis\u00f3dio 1 &#8211;<\/strong> Mar\u00e7al Aquino<\/span><\/p>\n<p style=\"font-weight: 400;\"><span style=\"color: #000000;\"><strong>Epis\u00f3dio 2 &#8211;<\/strong> Iris Figueiredo<\/span><\/p>\n<p style=\"font-weight: 400;\"><span style=\"color: #000000;\"><strong>Epis\u00f3dio 3 &#8211;<\/strong> Paula F\u00e1brio<\/span><\/p>\n<p style=\"font-weight: 400;\"><span style=\"color: #000000;\"><strong>Epis\u00f3dio 4 &#8211;<\/strong> Jim Anotsu<\/span><\/p>\n<p style=\"font-weight: 400;\"><span style=\"color: #000000;\"><strong>Epis\u00f3dio 5 &#8211;<\/strong> Pen\u00e9lope Martins<\/span><\/p>\n<p style=\"font-weight: 400;\"><span style=\"color: #000000;\"><strong>Epis\u00f3dio 6 &#8211;<\/strong> Manuel Filho<\/span><\/p>\n<p style=\"font-weight: 400;\"><span style=\"color: #000000;\"><strong>Epis\u00f3dio 7 &#8211;<\/strong> Luiz Puntel<\/span><\/p>\n<p style=\"font-weight: 400;\"><span style=\"color: #000000;\"><strong>Epis\u00f3dio 8 &#8211;<\/strong> Susana Ventura<\/span><\/p>\n<p style=\"font-weight: 400;\"><span style=\"color: #000000;\"><strong>Epis\u00f3dio 9 &#8211;<\/strong> Vitor Martins<\/span><\/p>\n<p style=\"font-weight: 400;\"><span style=\"color: #000000;\"><strong>Epis\u00f3dio 10 &#8211;<\/strong> \u00c1lvaro Cardoso Gomes<\/span><\/p>\n<p style=\"font-weight: 400;\"><span style=\"color: #000000;\"><strong>Epis\u00f3dio 11 &#8211;<\/strong> M\u00e1rcia Kupstas<\/span><\/p>\n<p style=\"font-weight: 400;\"><span style=\"color: #000000;\"><strong>Epis\u00f3dio 12 \u2013<\/strong> Adriana Falc\u00e3o<\/span><\/p>\n<p><span style=\"font-weight: 400; color: #000000;\"><strong>Epis\u00f3dio 13 &#8211;<\/strong> Paula Pimenta<\/span><\/p>\n<p>[\/et_pb_text][\/et_pb_column][et_pb_column type=&#8221;1_4&#8243; _builder_version=&#8221;4.27.5&#8243; _module_preset=&#8221;default&#8221; global_colors_info=&#8221;{}&#8221;][et_pb_text _builder_version=&#8221;4.27.5&#8243; _module_preset=&#8221;default&#8221; custom_padding=&#8221;1px|||||&#8221; global_colors_info=&#8221;{}&#8221;]<\/p>\n<p style=\"font-weight: 400;\"><span style=\"color: #b22417;\"><strong>TEMPORADA TR\u00caS &#8211; NA TELA<\/strong><\/span><\/p>\n<p style=\"font-weight: 400;\"><span style=\"color: #000000;\"><strong>Epis\u00f3dio 1 \u2013\u00a0<\/strong>Marina Person<\/span><\/p>\n<p style=\"font-weight: 400;\"><span style=\"color: #000000;\"><strong>Epis\u00f3dio 2 \u2013\u00a0<\/strong>Bruno Garotti<\/span><\/p>\n<p style=\"font-weight: 400;\"><span style=\"color: #000000;\"><strong>Epis\u00f3dio 3 \u2013\u00a0<\/strong>Alice Riff<\/span><\/p>\n<p style=\"font-weight: 400;\"><span style=\"color: #000000;\"><strong>Epis\u00f3dio 4 \u2013\u00a0<\/strong>Ana Luiza Azevedo<\/span><\/p>\n<p style=\"font-weight: 400;\"><span style=\"color: #000000;\"><strong>Epis\u00f3dio 5 &#8211;\u00a0<\/strong>Daniel Ribeiro<\/span><\/p>\n<p style=\"font-weight: 400;\"><span style=\"color: #000000;\"><strong>Epis\u00f3dio 6 \u2013\u00a0<\/strong>Rosane Svartman<\/span><\/p>\n<p style=\"font-weight: 400;\"><span style=\"color: #000000;\"><strong>Epis\u00f3dio 7 \u2013\u00a0<\/strong>Rafael Gomes<\/span><\/p>\n<p style=\"font-weight: 400;\"><span style=\"color: #000000;\"><strong>Epis\u00f3dio 8 \u2013\u00a0<\/strong>Thalita Rebou\u00e7as<\/span><\/p>\n<p>[\/et_pb_text][\/et_pb_column][et_pb_column type=&#8221;1_4&#8243; _builder_version=&#8221;4.27.5&#8243; _module_preset=&#8221;default&#8221; global_colors_info=&#8221;{}&#8221;][et_pb_text _builder_version=&#8221;4.27.5&#8243; _module_preset=&#8221;default&#8221; global_colors_info=&#8221;{}&#8221;]<\/p>\n<p style=\"font-weight: 400;\"><span style=\"color: #b22417;\"><strong>TEMPORADA QUATRO &#8211; MAIS JOVENS LEITURAS<\/strong><\/span><\/p>\n<p style=\"font-weight: 400;\"><span style=\"color: #000000;\"><strong>Epis\u00f3dio 1 \u2013\u00a0<\/strong>Marcelo Duarte<\/span><\/p>\n<p style=\"font-weight: 400;\"><span style=\"color: #000000;\"><strong>Epis\u00f3dio 2 \u2013\u00a0<\/strong>Clara Alves<\/span><\/p>\n<p style=\"font-weight: 400;\"><span style=\"color: #000000;\"><strong>Epis\u00f3dio 3 \u2013\u00a0<\/strong>Caio Riter<\/span><\/p>\n<p style=\"font-weight: 400;\"><span style=\"color: #000000;\"><strong>Epis\u00f3dio 4 \u2013\u00a0<\/strong>Janaina Tokitaka<\/span><\/p>\n<p style=\"font-weight: 400;\"><span style=\"color: #000000;\"><strong>Epis\u00f3dio 5 \u2013\u00a0<\/strong>Deko Lipe<\/span><\/p>\n<p style=\"font-weight: 400;\"><span style=\"color: #000000;\"><strong>Epis\u00f3dio 6 \u2013\u00a0<\/strong>\u00cdndigo<\/span><\/p>\n<p style=\"font-weight: 400;\"><span style=\"color: #000000;\"><strong>Epis\u00f3dio 7 &#8211;\u00a0<\/strong>Glaucia Lewicki<\/span><\/p>\n<p style=\"font-weight: 400;\"><span style=\"color: #000000;\"><strong>Epis\u00f3dio 8 \u2013\u00a0<\/strong>Vinicius Campos<\/span><\/p>\n<p style=\"font-weight: 400;\"><span style=\"color: #000000;\"><strong>Epis\u00f3dio 9 \u2013\u00a0<\/strong>T\u00e2nia Martinelli<\/span><\/p>\n<p style=\"font-weight: 400;\"><span style=\"color: #000000;\"><strong>Epis\u00f3dio 10 &#8211;\u00a0<\/strong>Camila Tardelli<\/span><\/p>\n<p style=\"font-weight: 400;\"><span style=\"color: #000000;\"><strong>Epis\u00f3dio 11 \u2013\u00a0<\/strong>Luis Eduardo Matta<\/span><\/p>\n<p style=\"font-weight: 400;\"><span style=\"color: #000000;\"><strong>Epis\u00f3dio 12 \u2013\u00a0<\/strong>Rosana Rios<\/span><\/p>\n<p style=\"font-weight: 400;\"><span style=\"color: #000000;\"><strong>Epis\u00f3dio 13 \u2013\u00a0<\/strong>Flavia Lins e Silva<\/span><\/p>\n<p>[\/et_pb_text][\/et_pb_column][\/et_pb_row][et_pb_row _builder_version=&#8221;4.16&#8243; custom_padding=&#8221;40px|0px|27px|0px|false|false&#8221; global_colors_info=&#8221;{}&#8221;][et_pb_column type=&#8221;4_4&#8243; _builder_version=&#8221;4.16&#8243; custom_padding=&#8221;|||&#8221; global_colors_info=&#8221;{}&#8221; custom_padding__hover=&#8221;|||&#8221;][et_pb_text _builder_version=&#8221;4.27.5&#8243; header_font=&#8221;||||||||&#8221; header_2_font=&#8221;Trebuchet||||||||&#8221; header_2_text_color=&#8221;#b22417&#8243; header_2_font_size=&#8221;24px&#8221; custom_padding=&#8221;||6px|||&#8221; global_colors_info=&#8221;{}&#8221;]<\/p>\n<h2 style=\"font-weight: 400; text-align: center;\">Clique <a href=\"https:\/\/open.spotify.com\/show\/3G7gzIvM6Qefjz7m1Zbie5?si=bbPqKGG6QrKf3Ee3DFcm-Q\"><strong>aqui<\/strong><\/a> e ou\u00e7a o\u00a0<strong>#MOCHILA<\/strong><\/h2>\n<p>[\/et_pb_text][\/et_pb_column][\/et_pb_row][\/et_pb_section]<\/p>\n","protected":false},"excerpt":{"rendered":"<p>PODCASTAl\u00e9m da produ\u00e7\u00e3o de seus livros, Caio Tozzi sempre buscou criar caminhos para estimular reflex\u00f5es e abrir di\u00e1logos sobre as narrativas que s\u00e3o produzidas para jovens e, assim, conectar mais e mais pessoas que est\u00e3o ligadas no tema.\u00a0 Foi por isso que em 2020 colocou no ar o\u00a0podcast\u00a0#MOCHILA. Cada epis\u00f3dio traz um convidado ou convidada [&hellip;]<\/p>\n","protected":false},"author":1,"featured_media":0,"parent":0,"menu_order":0,"comment_status":"closed","ping_status":"closed","template":"","meta":{"_et_pb_use_builder":"on","_et_pb_old_content":"","_et_gb_content_width":"","footnotes":""},"class_list":["post-927","page","type-page","status-publish","hentry"],"_links":{"self":[{"href":"https:\/\/caiotozzi.com\/web\/wp-json\/wp\/v2\/pages\/927","targetHints":{"allow":["GET"]}}],"collection":[{"href":"https:\/\/caiotozzi.com\/web\/wp-json\/wp\/v2\/pages"}],"about":[{"href":"https:\/\/caiotozzi.com\/web\/wp-json\/wp\/v2\/types\/page"}],"author":[{"embeddable":true,"href":"https:\/\/caiotozzi.com\/web\/wp-json\/wp\/v2\/users\/1"}],"replies":[{"embeddable":true,"href":"https:\/\/caiotozzi.com\/web\/wp-json\/wp\/v2\/comments?post=927"}],"version-history":[{"count":22,"href":"https:\/\/caiotozzi.com\/web\/wp-json\/wp\/v2\/pages\/927\/revisions"}],"predecessor-version":[{"id":1871,"href":"https:\/\/caiotozzi.com\/web\/wp-json\/wp\/v2\/pages\/927\/revisions\/1871"}],"wp:attachment":[{"href":"https:\/\/caiotozzi.com\/web\/wp-json\/wp\/v2\/media?parent=927"}],"curies":[{"name":"wp","href":"https:\/\/api.w.org\/{rel}","templated":true}]}}